{"id":3223,"date":"2022-12-06T14:24:20","date_gmt":"2022-12-06T13:24:20","guid":{"rendered":"https:\/\/www.bio-honig.de\/cms\/?page_id=3223"},"modified":"2026-02-05T21:53:17","modified_gmt":"2026-02-05T20:53:17","slug":"bioland-bluettenpollen-aus-deutschland","status":"publish","type":"page","link":"https:\/\/www.bio-honig.de\/cms\/bioland-bluettenpollen-aus-deutschland\/","title":{"rendered":"Bioland Bl\u00fctenpollen aus Deutschland"},"content":{"rendered":"\n<figure class=\"wp-block-image size-full gutter\"><a href=\"https:\/\/www.bio-honig.de\/cms\/produkt\/bio-bluetenpollen-aus-deutschland-kaufen-wohlschmeckend-bluetenland-bienenhoefe\/?attribute_pa_menge=450%20g\"><img loading=\"lazy\" decoding=\"async\" width=\"2000\" height=\"947\" src=\"https:\/\/www.bio-honig.de\/cms\/wp-content\/uploads\/2026\/02\/teaser-hauptseite5.jpg\" alt=\"\" class=\"wp-image-11801\" srcset=\"https:\/\/www.bio-honig.de\/cms\/wp-content\/uploads\/2026\/02\/teaser-hauptseite5.jpg 2000w, https:\/\/www.bio-honig.de\/cms\/wp-content\/uploads\/2026\/02\/teaser-hauptseite5-300x142.jpg 300w, https:\/\/www.bio-honig.de\/cms\/wp-content\/uploads\/2026\/02\/teaser-hauptseite5-1024x485.jpg 1024w, https:\/\/www.bio-honig.de\/cms\/wp-content\/uploads\/2026\/02\/teaser-hauptseite5-150x71.jpg 150w, https:\/\/www.bio-honig.de\/cms\/wp-content\/uploads\/2026\/02\/teaser-hauptseite5-768x364.jpg 768w, https:\/\/www.bio-honig.de\/cms\/wp-content\/uploads\/2026\/02\/teaser-hauptseite5-1536x727.jpg 1536w, https:\/\/www.bio-honig.de\/cms\/wp-content\/uploads\/2026\/02\/teaser-hauptseite5-600x284.jpg 600w\" sizes=\"auto, (max-width: 2000px) 100vw, 2000px\" \/><\/a><\/figure>\n\n\n\n<p><strong><strong>Nat\u00fcrliche Kraft aus dem Bienenstock.<\/strong> Entdecken Sie Bl\u00fctenpollen und Bl\u00fctenpollen in Bio-Honig: fein im Geschmack, aromatisch und in h\u00f6chster Qualit\u00e4t. Sorgf\u00e4ltig gewonnen und naturbelassen verarbeitet, sind sie eine wertvolle Erg\u00e4nzung f\u00fcr eine bewusste, naturverbundene Ern\u00e4hrung.<\/strong><\/p>\n\n\n\n<h2 class=\"wp-block-heading\">Der Bioland Bl\u00fctenpollen pur<\/h2>\n\n\n\n<div class=\"wp-block-columns is-not-stacked-on-mobile is-layout-flex wp-container-core-columns-is-layout-9d6595d7 wp-block-columns-is-layout-flex\">\n<div class=\"wp-block-column is-layout-flow wp-block-column-is-layout-flow\">\n<figure class=\"wp-block-image size-full\"><a href=\"https:\/\/www.bio-honig.de\/cms\/produkt\/bio-bluetenpollen-aus-deutschland-kaufen-wohlschmeckend-bluetenland-bienenhoefe\/?attribute_pa_menge=450%20g\"><img loading=\"lazy\" decoding=\"async\" width=\"3066\" height=\"3066\" src=\"https:\/\/www.bio-honig.de\/cms\/wp-content\/uploads\/2017\/04\/450g-Pollen-DSC_0004_091.jpg\" alt=\"\" class=\"wp-image-363\" srcset=\"https:\/\/www.bio-honig.de\/cms\/wp-content\/uploads\/2017\/04\/450g-Pollen-DSC_0004_091.jpg 3066w, https:\/\/www.bio-honig.de\/cms\/wp-content\/uploads\/2017\/04\/450g-Pollen-DSC_0004_091-300x300.jpg 300w, https:\/\/www.bio-honig.de\/cms\/wp-content\/uploads\/2017\/04\/450g-Pollen-DSC_0004_091-100x100.jpg 100w, https:\/\/www.bio-honig.de\/cms\/wp-content\/uploads\/2017\/04\/450g-Pollen-DSC_0004_091-600x600.jpg 600w, https:\/\/www.bio-honig.de\/cms\/wp-content\/uploads\/2017\/04\/450g-Pollen-DSC_0004_091-150x150.jpg 150w, https:\/\/www.bio-honig.de\/cms\/wp-content\/uploads\/2017\/04\/450g-Pollen-DSC_0004_091-768x768.jpg 768w, https:\/\/www.bio-honig.de\/cms\/wp-content\/uploads\/2017\/04\/450g-Pollen-DSC_0004_091-1024x1024.jpg 1024w\" sizes=\"auto, (max-width: 3066px) 100vw, 3066px\" \/><\/a><\/figure>\n\n\n\n<p class=\"has-text-align-center\"><strong>450 g<\/strong><\/p>\n<\/div>\n\n\n\n<div class=\"wp-block-column is-layout-flow wp-block-column-is-layout-flow\">\n<figure class=\"wp-block-image size-full\"><a href=\"https:\/\/www.bio-honig.de\/cms\/produkt\/bio-bluetenpollen-aus-deutschland-kaufen-wohlschmeckend-bluetenland-bienenhoefe\/?attribute_pa_menge=160%20g\"><img loading=\"lazy\" decoding=\"async\" width=\"3010\" height=\"3010\" src=\"https:\/\/www.bio-honig.de\/cms\/wp-content\/uploads\/2017\/04\/160-g-Pollen-ohne-Anh\u00e4nger-DSC_0054_103.jpg\" alt=\"\" class=\"wp-image-375\" srcset=\"https:\/\/www.bio-honig.de\/cms\/wp-content\/uploads\/2017\/04\/160-g-Pollen-ohne-Anh\u00e4nger-DSC_0054_103.jpg 3010w, https:\/\/www.bio-honig.de\/cms\/wp-content\/uploads\/2017\/04\/160-g-Pollen-ohne-Anh\u00e4nger-DSC_0054_103-300x300.jpg 300w, https:\/\/www.bio-honig.de\/cms\/wp-content\/uploads\/2017\/04\/160-g-Pollen-ohne-Anh\u00e4nger-DSC_0054_103-100x100.jpg 100w, https:\/\/www.bio-honig.de\/cms\/wp-content\/uploads\/2017\/04\/160-g-Pollen-ohne-Anh\u00e4nger-DSC_0054_103-600x600.jpg 600w, https:\/\/www.bio-honig.de\/cms\/wp-content\/uploads\/2017\/04\/160-g-Pollen-ohne-Anh\u00e4nger-DSC_0054_103-150x150.jpg 150w, https:\/\/www.bio-honig.de\/cms\/wp-content\/uploads\/2017\/04\/160-g-Pollen-ohne-Anh\u00e4nger-DSC_0054_103-768x768.jpg 768w, https:\/\/www.bio-honig.de\/cms\/wp-content\/uploads\/2017\/04\/160-g-Pollen-ohne-Anh\u00e4nger-DSC_0054_103-1024x1024.jpg 1024w\" sizes=\"auto, (max-width: 3010px) 100vw, 3010px\" \/><\/a><\/figure>\n\n\n\n<p class=\"has-text-align-center\"><strong>160 g<\/strong><\/p>\n<\/div>\n\n\n\n<div class=\"wp-block-column is-layout-flow wp-block-column-is-layout-flow\">\n<figure class=\"wp-block-image size-full\"><a href=\"https:\/\/www.bio-honig.de\/cms\/produkt\/bio-bluetenpollen-aus-deutschland-kaufen-wohlschmeckend-bluetenland-bienenhoefe\/?attribute_pa_menge=30%20g\"><img loading=\"lazy\" decoding=\"async\" width=\"1152\" height=\"1152\" src=\"https:\/\/www.bio-honig.de\/cms\/wp-content\/uploads\/2016\/11\/30-g-x-Pollen-DSC_0079_110_150.jpg\" alt=\"\" class=\"wp-image-415\" srcset=\"https:\/\/www.bio-honig.de\/cms\/wp-content\/uploads\/2016\/11\/30-g-x-Pollen-DSC_0079_110_150.jpg 1152w, https:\/\/www.bio-honig.de\/cms\/wp-content\/uploads\/2016\/11\/30-g-x-Pollen-DSC_0079_110_150-300x300.jpg 300w, https:\/\/www.bio-honig.de\/cms\/wp-content\/uploads\/2016\/11\/30-g-x-Pollen-DSC_0079_110_150-100x100.jpg 100w, https:\/\/www.bio-honig.de\/cms\/wp-content\/uploads\/2016\/11\/30-g-x-Pollen-DSC_0079_110_150-600x600.jpg 600w, https:\/\/www.bio-honig.de\/cms\/wp-content\/uploads\/2016\/11\/30-g-x-Pollen-DSC_0079_110_150-150x150.jpg 150w, https:\/\/www.bio-honig.de\/cms\/wp-content\/uploads\/2016\/11\/30-g-x-Pollen-DSC_0079_110_150-768x768.jpg 768w, https:\/\/www.bio-honig.de\/cms\/wp-content\/uploads\/2016\/11\/30-g-x-Pollen-DSC_0079_110_150-1024x1024.jpg 1024w\" sizes=\"auto, (max-width: 1152px) 100vw, 1152px\" \/><\/a><\/figure>\n\n\n\n<p class=\"has-text-align-center\"><strong>30 g<\/strong><\/p>\n<\/div>\n<\/div>\n\n\n\n<p>In goldenen Farben schimmernd und voller Leben: Unsere Bioland-Bl\u00fctenpollen stammen aus sorgf\u00e4ltiger, schonender Ernte und bewahren ihre nat\u00fcrliche <a href=\"https:\/\/www.bio-honig.de\/cms\/deutschen-rohhonig-kaufen\/\">Rohkostqualit\u00e4t<\/a>. Sie verbinden den Duft der Bl\u00fctenwiesen mit der urspr\u00fcnglichen Kraft der Pflanzen \u2013 ein ehrliches Naturprodukt, das die Arbeit der Bienen respektiert und die Vielfalt der Landschaft sp\u00fcrbar macht.<\/p>\n\n\n\n<div class=\"wp-block-buttons is-content-justification-center is-layout-flex wp-container-core-buttons-is-layout-16018d1d wp-block-buttons-is-layout-flex\">\n<div class=\"wp-block-button gutter\"><a class=\"wp-block-button__link wp-element-button\" href=\"https:\/\/www.bio-honig.de\/cms\/produkt\/bio-bluetenpollen-aus-deutschland-kaufen-wohlschmeckend-bluetenland-bienenhoefe\/\">Jetzt Bl\u00fctenpollen kaufen<\/a><\/div>\n<\/div>\n\n\n\n<h2 class=\"wp-block-heading\">Bioland Bl\u00fctenpollen in Honig<\/h2>\n\n\n\n<div class=\"wp-block-columns is-not-stacked-on-mobile is-layout-flex wp-container-core-columns-is-layout-9d6595d7 wp-block-columns-is-layout-flex\">\n<div class=\"wp-block-column is-layout-flow wp-block-column-is-layout-flow\">\n<figure class=\"wp-block-image size-full\"><a href=\"https:\/\/www.bio-honig.de\/cms\/produkt\/bio-bluetenpollen-in-honig-blumig-aromatisch-bluetenland-bienenhoefe\/?attribute_pa_menge=500%20g\"><img loading=\"lazy\" decoding=\"async\" width=\"2000\" height=\"2000\" src=\"https:\/\/www.bio-honig.de\/cms\/wp-content\/uploads\/2026\/01\/500g.jpg\" alt=\"\" class=\"wp-image-11467\" srcset=\"https:\/\/www.bio-honig.de\/cms\/wp-content\/uploads\/2026\/01\/500g.jpg 2000w, https:\/\/www.bio-honig.de\/cms\/wp-content\/uploads\/2026\/01\/500g-300x300.jpg 300w, https:\/\/www.bio-honig.de\/cms\/wp-content\/uploads\/2026\/01\/500g-1024x1024.jpg 1024w, https:\/\/www.bio-honig.de\/cms\/wp-content\/uploads\/2026\/01\/500g-150x150.jpg 150w, https:\/\/www.bio-honig.de\/cms\/wp-content\/uploads\/2026\/01\/500g-768x768.jpg 768w, https:\/\/www.bio-honig.de\/cms\/wp-content\/uploads\/2026\/01\/500g-1536x1536.jpg 1536w, https:\/\/www.bio-honig.de\/cms\/wp-content\/uploads\/2026\/01\/500g-600x600.jpg 600w, https:\/\/www.bio-honig.de\/cms\/wp-content\/uploads\/2026\/01\/500g-100x100.jpg 100w, https:\/\/www.bio-honig.de\/cms\/wp-content\/uploads\/2026\/01\/500g-50x50.jpg 50w\" sizes=\"auto, (max-width: 2000px) 100vw, 2000px\" \/><\/a><\/figure>\n\n\n\n<p class=\"has-text-align-center\"><strong>500 g<\/strong><\/p>\n<\/div>\n\n\n\n<div class=\"wp-block-column is-layout-flow wp-block-column-is-layout-flow\">\n<figure class=\"wp-block-image size-full\"><a href=\"https:\/\/www.bio-honig.de\/cms\/produkt\/bio-bluetenpollen-in-honig-blumig-aromatisch-bluetenland-bienenhoefe\/?attribute_pa_menge=250%20g\"><img loading=\"lazy\" decoding=\"async\" width=\"3396\" height=\"3396\" src=\"https:\/\/www.bio-honig.de\/cms\/wp-content\/uploads\/2017\/04\/250-g-PollenHonig-DSC_0029_101.jpg\" alt=\"\" class=\"wp-image-373\" srcset=\"https:\/\/www.bio-honig.de\/cms\/wp-content\/uploads\/2017\/04\/250-g-PollenHonig-DSC_0029_101.jpg 3396w, https:\/\/www.bio-honig.de\/cms\/wp-content\/uploads\/2017\/04\/250-g-PollenHonig-DSC_0029_101-300x300.jpg 300w, https:\/\/www.bio-honig.de\/cms\/wp-content\/uploads\/2017\/04\/250-g-PollenHonig-DSC_0029_101-100x100.jpg 100w, https:\/\/www.bio-honig.de\/cms\/wp-content\/uploads\/2017\/04\/250-g-PollenHonig-DSC_0029_101-600x600.jpg 600w, https:\/\/www.bio-honig.de\/cms\/wp-content\/uploads\/2017\/04\/250-g-PollenHonig-DSC_0029_101-150x150.jpg 150w, https:\/\/www.bio-honig.de\/cms\/wp-content\/uploads\/2017\/04\/250-g-PollenHonig-DSC_0029_101-768x768.jpg 768w, https:\/\/www.bio-honig.de\/cms\/wp-content\/uploads\/2017\/04\/250-g-PollenHonig-DSC_0029_101-1024x1024.jpg 1024w\" sizes=\"auto, (max-width: 3396px) 100vw, 3396px\" \/><\/a><\/figure>\n\n\n\n<p class=\"has-text-align-center\"><strong>250 g<\/strong><\/p>\n<\/div>\n\n\n\n<div class=\"wp-block-column is-layout-flow wp-block-column-is-layout-flow\">\n<figure class=\"wp-block-image size-full\"><a href=\"https:\/\/www.bio-honig.de\/cms\/produkt\/bio-bluetenpollen-in-honig-blumig-aromatisch-bluetenland-bienenhoefe\/?attribute_pa_menge=60%20g\"><img loading=\"lazy\" decoding=\"async\" width=\"2696\" height=\"2696\" src=\"https:\/\/www.bio-honig.de\/cms\/wp-content\/uploads\/2017\/04\/50-g-PollenHonig-Draufsicht-mit-Bienendeckel-DSC_0060_106.jpg\" alt=\"\" class=\"wp-image-377\" srcset=\"https:\/\/www.bio-honig.de\/cms\/wp-content\/uploads\/2017\/04\/50-g-PollenHonig-Draufsicht-mit-Bienendeckel-DSC_0060_106.jpg 2696w, https:\/\/www.bio-honig.de\/cms\/wp-content\/uploads\/2017\/04\/50-g-PollenHonig-Draufsicht-mit-Bienendeckel-DSC_0060_106-300x300.jpg 300w, https:\/\/www.bio-honig.de\/cms\/wp-content\/uploads\/2017\/04\/50-g-PollenHonig-Draufsicht-mit-Bienendeckel-DSC_0060_106-100x100.jpg 100w, https:\/\/www.bio-honig.de\/cms\/wp-content\/uploads\/2017\/04\/50-g-PollenHonig-Draufsicht-mit-Bienendeckel-DSC_0060_106-600x600.jpg 600w, https:\/\/www.bio-honig.de\/cms\/wp-content\/uploads\/2017\/04\/50-g-PollenHonig-Draufsicht-mit-Bienendeckel-DSC_0060_106-150x150.jpg 150w, https:\/\/www.bio-honig.de\/cms\/wp-content\/uploads\/2017\/04\/50-g-PollenHonig-Draufsicht-mit-Bienendeckel-DSC_0060_106-768x768.jpg 768w, https:\/\/www.bio-honig.de\/cms\/wp-content\/uploads\/2017\/04\/50-g-PollenHonig-Draufsicht-mit-Bienendeckel-DSC_0060_106-1024x1024.jpg 1024w\" sizes=\"auto, (max-width: 2696px) 100vw, 2696px\" \/><\/a><\/figure>\n\n\n\n<p class=\"has-text-align-center\"><strong>60 g<\/strong><\/p>\n<\/div>\n<\/div>\n\n\n\n<p>Fein vermahlene Bl\u00fctenpollen, frisch und getrocknet, werden behutsam in milden Sommerbl\u00fctenhonig einger\u00fchrt und auf nat\u00fcrliche Weise haltbar gemacht. Der frische Pollen verleiht der Mischung ihr charakteristisch fruchtiges Aroma, der Honig sorgt f\u00fcr eine runde, harmonische S\u00fc\u00dfe. Mit seiner Vielfalt von \u00fcber 100 biologischen Aktivstoffen ist&nbsp;<strong>Bio Bl\u00fctenpollen in Honig<\/strong>&nbsp;ein naturbelassenes Nahrungserg\u00e4nzungsmittel \u2013 wohlschmeckend, ausgewogen und angenehm sanft im Geschmack.<\/p>\n\n\n\n<div class=\"wp-block-buttons is-content-justification-center is-layout-flex wp-container-core-buttons-is-layout-51f7783f wp-block-buttons-is-layout-flex\">\n<div class=\"wp-block-button gutter\"><a class=\"wp-block-button__link wp-element-button\" href=\"https:\/\/www.bio-honig.de\/cms\/produkt\/bio-bluetenpollen-in-honig-blumig-aromatisch-bluetenland-bienenhoefe\/\">Jetzt Bl\u00fctenpollen in Honig kaufen<\/a><\/div>\n<\/div>\n\n\n\n<p>Bl\u00fctenpollen sind kleine Partikel, die von m\u00e4nnlichen Pflanzen produziert werden und f\u00fcr die Fortpflanzung der Pflanzen notwendig sind. Sie werden von Bienen und anderen Insekten gesammelt und von ihnen zu anderen Pflanzen transportiert, wo sie die weiblichen Pflanzen best\u00e4uben. Auf diese Weise tragen Bl\u00fctenpollen dazu bei, dass Pflanzen Fr\u00fcchte und Samen produzieren und sich vermehren k\u00f6nnen. Sie sind ein wichtiger Bestandteil des \u00d6kosystems.<\/p>\n\n\n\n<p>Bl\u00fctenpollen haben auch f\u00fcr den Menschen einen Nutzen. Sie sind reich an N\u00e4hrstoffen und enthalten eine Vielzahl von Vitaminen, Mineralien und Aminos\u00e4uren. Deshalb werden sie oft als Nahrungserg\u00e4nzungsmittel verwendet und sind in vielen Gesundheits- und Wellnessprodukten enthalten.<\/p>\n\n\n\n<p>In der K\u00fcche lassen sich Bl\u00fctenpollen vielseitig einsetzen \u2013 etwa im <a href=\"https:\/\/www.bio-honig.de\/cms\/bluetenpollen-muesli\/\">M\u00fcsli<\/a>, im <a href=\"https:\/\/www.bio-honig.de\/cms\/bluetenpollen-joghurt\/\">Joghurt<\/a>, in <a href=\"https:\/\/www.bio-honig.de\/cms\/bluetenpollen-smoothie\/\">Smoothies<\/a> oder in feinen Honigzubereitungen. Inspirationen und erprobte Ideen finden Sie in unseren&nbsp;<a href=\"https:\/\/www.bio-honig.de\/cms\/kann-man-bluetenpollen-essen\/\">Rezepten mit Bl\u00fctenpollen<\/a>, die zeigen, wie sich ihr feines Aroma ganz einfach in den Alltag integrieren l\u00e4sst.<\/p>\n\n\n\n<p>Bl\u00fctenpollen haben auch f\u00fcr den Menschen einen Nutzen. Sie sind reich an N\u00e4hrstoffen und enthalten eine Vielzahl von Vitaminen, Mineralien und Aminos\u00e4uren. Deshalb werden sie oft als Nahrungserg\u00e4nzungsmittel verwendet und sind in vielen Gesundheits- und Wellnessprodukten enthalten.<\/p>\n\n\n\n<p>Die Gewinnung von Bioland-Bl\u00fctenpollen unterliegt den strengen Bioland-Richtlinien f\u00fcr \u00d6kologische Imkerei, um sicherzustellen, dass sie von hoher Qualit\u00e4t sind und ihre wertvollen Inhaltsstoffe erhalten bleiben. Die Bl\u00fctenpollen werden sorgf\u00e4ltig gesammelt, schonend getrocknet und abgef\u00fcllt. F\u00fcr Bl\u00fctenpollen in Honig werden die Pollenk\u00f6rner vermahlen. Sonst nichts \u2013 Natur pur. Weitere Verarbeitungsschritte sind nicht notwendig.<\/p>\n","protected":false},"excerpt":{"rendered":"<p>Nat\u00fcrliche Kraft aus dem Bienenstock. Entdecken Sie Bl\u00fctenpollen und Bl\u00fctenpollen in Bio-Honig: fein im Geschmack, aromatisch und in h\u00f6chster Qualit\u00e4t. Sorgf\u00e4ltig gewonnen und naturbelassen verarbeitet, sind sie eine wertvolle Erg\u00e4nzung f\u00fcr eine bewusste, naturverbundene Ern\u00e4hrung. Der Bioland Bl\u00fctenpollen pur 450 g 160 g 30 g In goldenen Farben schimmernd und voller Leben: Unsere Bioland-Bl\u00fctenpollen stammen [&hellip;]<\/p>\n","protected":false},"author":1,"featured_media":0,"parent":0,"menu_order":0,"comment_status":"closed","ping_status":"closed","template":"","meta":{"footnotes":""},"class_list":["post-3223","page","type-page","status-publish","hentry"],"yoast_head":"<!-- This site is optimized with the Yoast SEO plugin v27.3 - https:\/\/yoast.com\/product\/yoast-seo-wordpress\/ -->\n<title>Bioland Bl\u00fctenpollen aus Deutschland - Bl\u00fctenland Bienenh\u00f6fe<\/title>\n<meta name=\"robots\" content=\"index, follow, max-snippet:-1, max-image-preview:large, max-video-preview:-1\" \/>\n<link rel=\"canonical\" href=\"https:\/\/www.bio-honig.de\/cms\/bioland-bluettenpollen-aus-deutschland\/\" \/>\n<meta property=\"og:locale\" content=\"de_DE\" \/>\n<meta property=\"og:type\" content=\"article\" \/>\n<meta property=\"og:title\" content=\"Bioland Bl\u00fctenpollen aus Deutschland - Bl\u00fctenland Bienenh\u00f6fe\" \/>\n<meta property=\"og:description\" content=\"Nat\u00fcrliche Kraft aus dem Bienenstock. Entdecken Sie Bl\u00fctenpollen und Bl\u00fctenpollen in Bio-Honig: fein im Geschmack, aromatisch und in h\u00f6chster Qualit\u00e4t. Sorgf\u00e4ltig gewonnen und naturbelassen verarbeitet, sind sie eine wertvolle Erg\u00e4nzung f\u00fcr eine bewusste, naturverbundene Ern\u00e4hrung. Der Bioland Bl\u00fctenpollen pur 450 g 160 g 30 g In goldenen Farben schimmernd und voller Leben: Unsere Bioland-Bl\u00fctenpollen stammen [&hellip;]\" \/>\n<meta property=\"og:url\" content=\"https:\/\/www.bio-honig.de\/cms\/bioland-bluettenpollen-aus-deutschland\/\" \/>\n<meta property=\"og:site_name\" content=\"Bl\u00fctenland Bienenh\u00f6fe\" \/>\n<meta property=\"article:modified_time\" content=\"2026-02-05T20:53:17+00:00\" \/>\n<meta property=\"og:image\" content=\"https:\/\/www.bio-honig.de\/cms\/wp-content\/uploads\/2026\/02\/teaser-hauptseite5.jpg\" \/>\n\t<meta property=\"og:image:width\" content=\"2000\" \/>\n\t<meta property=\"og:image:height\" content=\"947\" \/>\n\t<meta property=\"og:image:type\" content=\"image\/jpeg\" \/>\n<meta name=\"twitter:card\" content=\"summary_large_image\" \/>\n<meta name=\"twitter:label1\" content=\"Gesch\u00e4tzte Lesezeit\" \/>\n\t<meta name=\"twitter:data1\" content=\"4\u00a0Minuten\" \/>\n<script type=\"application\/ld+json\" class=\"yoast-schema-graph\">{\"@context\":\"https:\\\/\\\/schema.org\",\"@graph\":[{\"@type\":\"WebPage\",\"@id\":\"https:\\\/\\\/www.bio-honig.de\\\/cms\\\/bioland-bluettenpollen-aus-deutschland\\\/\",\"url\":\"https:\\\/\\\/www.bio-honig.de\\\/cms\\\/bioland-bluettenpollen-aus-deutschland\\\/\",\"name\":\"Bioland Bl\u00fctenpollen aus Deutschland - Bl\u00fctenland Bienenh\u00f6fe\",\"isPartOf\":{\"@id\":\"https:\\\/\\\/www.bio-honig.de\\\/cms\\\/#website\"},\"primaryImageOfPage\":{\"@id\":\"https:\\\/\\\/www.bio-honig.de\\\/cms\\\/bioland-bluettenpollen-aus-deutschland\\\/#primaryimage\"},\"image\":{\"@id\":\"https:\\\/\\\/www.bio-honig.de\\\/cms\\\/bioland-bluettenpollen-aus-deutschland\\\/#primaryimage\"},\"thumbnailUrl\":\"https:\\\/\\\/www.bio-honig.de\\\/cms\\\/wp-content\\\/uploads\\\/2026\\\/02\\\/teaser-hauptseite5.jpg\",\"datePublished\":\"2022-12-06T13:24:20+00:00\",\"dateModified\":\"2026-02-05T20:53:17+00:00\",\"breadcrumb\":{\"@id\":\"https:\\\/\\\/www.bio-honig.de\\\/cms\\\/bioland-bluettenpollen-aus-deutschland\\\/#breadcrumb\"},\"inLanguage\":\"de\",\"potentialAction\":[{\"@type\":\"ReadAction\",\"target\":[\"https:\\\/\\\/www.bio-honig.de\\\/cms\\\/bioland-bluettenpollen-aus-deutschland\\\/\"]}]},{\"@type\":\"ImageObject\",\"inLanguage\":\"de\",\"@id\":\"https:\\\/\\\/www.bio-honig.de\\\/cms\\\/bioland-bluettenpollen-aus-deutschland\\\/#primaryimage\",\"url\":\"https:\\\/\\\/www.bio-honig.de\\\/cms\\\/wp-content\\\/uploads\\\/2026\\\/02\\\/teaser-hauptseite5.jpg\",\"contentUrl\":\"https:\\\/\\\/www.bio-honig.de\\\/cms\\\/wp-content\\\/uploads\\\/2026\\\/02\\\/teaser-hauptseite5.jpg\",\"width\":2000,\"height\":947},{\"@type\":\"BreadcrumbList\",\"@id\":\"https:\\\/\\\/www.bio-honig.de\\\/cms\\\/bioland-bluettenpollen-aus-deutschland\\\/#breadcrumb\",\"itemListElement\":[{\"@type\":\"ListItem\",\"position\":1,\"name\":\"Startseite\",\"item\":\"https:\\\/\\\/www.bio-honig.de\\\/cms\\\/\"},{\"@type\":\"ListItem\",\"position\":2,\"name\":\"Bioland Bl\u00fctenpollen aus Deutschland\"}]},{\"@type\":\"WebSite\",\"@id\":\"https:\\\/\\\/www.bio-honig.de\\\/cms\\\/#website\",\"url\":\"https:\\\/\\\/www.bio-honig.de\\\/cms\\\/\",\"name\":\"Bl\u00fctenland Bienenh\u00f6fe\",\"description\":\"Bio-Honig von Heike Appel\",\"publisher\":{\"@id\":\"https:\\\/\\\/www.bio-honig.de\\\/cms\\\/#organization\"},\"potentialAction\":[{\"@type\":\"SearchAction\",\"target\":{\"@type\":\"EntryPoint\",\"urlTemplate\":\"https:\\\/\\\/www.bio-honig.de\\\/cms\\\/?s={search_term_string}\"},\"query-input\":{\"@type\":\"PropertyValueSpecification\",\"valueRequired\":true,\"valueName\":\"search_term_string\"}}],\"inLanguage\":\"de\"},{\"@type\":\"Organization\",\"@id\":\"https:\\\/\\\/www.bio-honig.de\\\/cms\\\/#organization\",\"name\":\"Bl\u00fctenland Bienenh\u00f6fe - Bioland Imkereiprodukte\",\"url\":\"https:\\\/\\\/www.bio-honig.de\\\/cms\\\/\",\"logo\":{\"@type\":\"ImageObject\",\"inLanguage\":\"de\",\"@id\":\"https:\\\/\\\/www.bio-honig.de\\\/cms\\\/#\\\/schema\\\/logo\\\/image\\\/\",\"url\":\"https:\\\/\\\/www.bio-honig.de\\\/cms\\\/wp-content\\\/uploads\\\/2018\\\/12\\\/Bildschirmfoto-2018-12-16-um-17.31.00.png\",\"contentUrl\":\"https:\\\/\\\/www.bio-honig.de\\\/cms\\\/wp-content\\\/uploads\\\/2018\\\/12\\\/Bildschirmfoto-2018-12-16-um-17.31.00.png\",\"width\":750,\"height\":206,\"caption\":\"Bl\u00fctenland Bienenh\u00f6fe - Bioland Imkereiprodukte\"},\"image\":{\"@id\":\"https:\\\/\\\/www.bio-honig.de\\\/cms\\\/#\\\/schema\\\/logo\\\/image\\\/\"}}]}<\/script>\n<!-- \/ Yoast SEO plugin. -->","yoast_head_json":{"title":"Bioland Bl\u00fctenpollen aus Deutschland - Bl\u00fctenland Bienenh\u00f6fe","robots":{"index":"index","follow":"follow","max-snippet":"max-snippet:-1","max-image-preview":"max-image-preview:large","max-video-preview":"max-video-preview:-1"},"canonical":"https:\/\/www.bio-honig.de\/cms\/bioland-bluettenpollen-aus-deutschland\/","og_locale":"de_DE","og_type":"article","og_title":"Bioland Bl\u00fctenpollen aus Deutschland - Bl\u00fctenland Bienenh\u00f6fe","og_description":"Nat\u00fcrliche Kraft aus dem Bienenstock. Entdecken Sie Bl\u00fctenpollen und Bl\u00fctenpollen in Bio-Honig: fein im Geschmack, aromatisch und in h\u00f6chster Qualit\u00e4t. Sorgf\u00e4ltig gewonnen und naturbelassen verarbeitet, sind sie eine wertvolle Erg\u00e4nzung f\u00fcr eine bewusste, naturverbundene Ern\u00e4hrung. Der Bioland Bl\u00fctenpollen pur 450 g 160 g 30 g In goldenen Farben schimmernd und voller Leben: Unsere Bioland-Bl\u00fctenpollen stammen [&hellip;]","og_url":"https:\/\/www.bio-honig.de\/cms\/bioland-bluettenpollen-aus-deutschland\/","og_site_name":"Bl\u00fctenland Bienenh\u00f6fe","article_modified_time":"2026-02-05T20:53:17+00:00","og_image":[{"width":2000,"height":947,"url":"https:\/\/www.bio-honig.de\/cms\/wp-content\/uploads\/2026\/02\/teaser-hauptseite5.jpg","type":"image\/jpeg"}],"twitter_card":"summary_large_image","twitter_misc":{"Gesch\u00e4tzte Lesezeit":"4\u00a0Minuten"},"schema":{"@context":"https:\/\/schema.org","@graph":[{"@type":"WebPage","@id":"https:\/\/www.bio-honig.de\/cms\/bioland-bluettenpollen-aus-deutschland\/","url":"https:\/\/www.bio-honig.de\/cms\/bioland-bluettenpollen-aus-deutschland\/","name":"Bioland Bl\u00fctenpollen aus Deutschland - Bl\u00fctenland Bienenh\u00f6fe","isPartOf":{"@id":"https:\/\/www.bio-honig.de\/cms\/#website"},"primaryImageOfPage":{"@id":"https:\/\/www.bio-honig.de\/cms\/bioland-bluettenpollen-aus-deutschland\/#primaryimage"},"image":{"@id":"https:\/\/www.bio-honig.de\/cms\/bioland-bluettenpollen-aus-deutschland\/#primaryimage"},"thumbnailUrl":"https:\/\/www.bio-honig.de\/cms\/wp-content\/uploads\/2026\/02\/teaser-hauptseite5.jpg","datePublished":"2022-12-06T13:24:20+00:00","dateModified":"2026-02-05T20:53:17+00:00","breadcrumb":{"@id":"https:\/\/www.bio-honig.de\/cms\/bioland-bluettenpollen-aus-deutschland\/#breadcrumb"},"inLanguage":"de","potentialAction":[{"@type":"ReadAction","target":["https:\/\/www.bio-honig.de\/cms\/bioland-bluettenpollen-aus-deutschland\/"]}]},{"@type":"ImageObject","inLanguage":"de","@id":"https:\/\/www.bio-honig.de\/cms\/bioland-bluettenpollen-aus-deutschland\/#primaryimage","url":"https:\/\/www.bio-honig.de\/cms\/wp-content\/uploads\/2026\/02\/teaser-hauptseite5.jpg","contentUrl":"https:\/\/www.bio-honig.de\/cms\/wp-content\/uploads\/2026\/02\/teaser-hauptseite5.jpg","width":2000,"height":947},{"@type":"BreadcrumbList","@id":"https:\/\/www.bio-honig.de\/cms\/bioland-bluettenpollen-aus-deutschland\/#breadcrumb","itemListElement":[{"@type":"ListItem","position":1,"name":"Startseite","item":"https:\/\/www.bio-honig.de\/cms\/"},{"@type":"ListItem","position":2,"name":"Bioland Bl\u00fctenpollen aus Deutschland"}]},{"@type":"WebSite","@id":"https:\/\/www.bio-honig.de\/cms\/#website","url":"https:\/\/www.bio-honig.de\/cms\/","name":"Bl\u00fctenland Bienenh\u00f6fe","description":"Bio-Honig von Heike Appel","publisher":{"@id":"https:\/\/www.bio-honig.de\/cms\/#organization"},"potentialAction":[{"@type":"SearchAction","target":{"@type":"EntryPoint","urlTemplate":"https:\/\/www.bio-honig.de\/cms\/?s={search_term_string}"},"query-input":{"@type":"PropertyValueSpecification","valueRequired":true,"valueName":"search_term_string"}}],"inLanguage":"de"},{"@type":"Organization","@id":"https:\/\/www.bio-honig.de\/cms\/#organization","name":"Bl\u00fctenland Bienenh\u00f6fe - Bioland Imkereiprodukte","url":"https:\/\/www.bio-honig.de\/cms\/","logo":{"@type":"ImageObject","inLanguage":"de","@id":"https:\/\/www.bio-honig.de\/cms\/#\/schema\/logo\/image\/","url":"https:\/\/www.bio-honig.de\/cms\/wp-content\/uploads\/2018\/12\/Bildschirmfoto-2018-12-16-um-17.31.00.png","contentUrl":"https:\/\/www.bio-honig.de\/cms\/wp-content\/uploads\/2018\/12\/Bildschirmfoto-2018-12-16-um-17.31.00.png","width":750,"height":206,"caption":"Bl\u00fctenland Bienenh\u00f6fe - Bioland Imkereiprodukte"},"image":{"@id":"https:\/\/www.bio-honig.de\/cms\/#\/schema\/logo\/image\/"}}]}},"_links":{"self":[{"href":"https:\/\/www.bio-honig.de\/cms\/wp-json\/wp\/v2\/pages\/3223","targetHints":{"allow":["GET"]}}],"collection":[{"href":"https:\/\/www.bio-honig.de\/cms\/wp-json\/wp\/v2\/pages"}],"about":[{"href":"https:\/\/www.bio-honig.de\/cms\/wp-json\/wp\/v2\/types\/page"}],"author":[{"embeddable":true,"href":"https:\/\/www.bio-honig.de\/cms\/wp-json\/wp\/v2\/users\/1"}],"replies":[{"embeddable":true,"href":"https:\/\/www.bio-honig.de\/cms\/wp-json\/wp\/v2\/comments?post=3223"}],"version-history":[{"count":41,"href":"https:\/\/www.bio-honig.de\/cms\/wp-json\/wp\/v2\/pages\/3223\/revisions"}],"predecessor-version":[{"id":11803,"href":"https:\/\/www.bio-honig.de\/cms\/wp-json\/wp\/v2\/pages\/3223\/revisions\/11803"}],"wp:attachment":[{"href":"https:\/\/www.bio-honig.de\/cms\/wp-json\/wp\/v2\/media?parent=3223"}],"curies":[{"name":"wp","href":"https:\/\/api.w.org\/{rel}","templated":true}]}}