{"id":3701,"date":"2023-03-07T12:44:47","date_gmt":"2023-03-07T11:44:47","guid":{"rendered":"https:\/\/www.bio-honig.de\/cms\/?post_type=product&#038;p=3701"},"modified":"2026-02-23T22:19:14","modified_gmt":"2026-02-23T21:19:14","slug":"bio-kirschbluetenhonig-kaufen-zartcremig-und-hell-mit-feinem-kirschbluetenduft-bluetenland-bienenhoefe","status":"publish","type":"product","link":"https:\/\/www.bio-honig.de\/cms\/produkt\/bio-kirschbluetenhonig-kaufen-zartcremig-und-hell-mit-feinem-kirschbluetenduft-bluetenland-bienenhoefe\/","title":{"rendered":"Kirschbl\u00fctenhonig aus der Badischen Rheinebene"},"content":{"rendered":"<p>Bio Kirschbl\u00fctenhonig: Wei\u00dfe Kirschb\u00e4ume hei\u00dfen die Bienen im Fr\u00fchjahr mit ihrem zarten Duft willkommen. Die Bienen tragen aus den Kirschbl\u00fcten den ersten Nektar des Jahres in ihre Waben ein. Der seltene Kirschbl\u00fctenhonig hat ein au\u00dfergew\u00f6hnlich feines, an Mandeln erinnnerndes Aroma. Kirschbl\u00fctenhonig schmeckt wirklich ganz genau so wie die frisch aufgebl\u00fchte Kirschbl\u00fcten im Fr\u00fchjahr duften &#8211; ganz herrlich und unvergesslich!<\/p>\n","protected":false},"excerpt":{"rendered":"<p><strong>Ernteregion:<\/strong> Badische Rheinebene<\/p>\n<p><strong>Aroma:<\/strong> intensives Kirschbl\u00fctenaroma<\/p>\n<p><strong>Farbe:<\/strong> hellgelb bis beige<\/p>\n<p><strong>Konsistenz:<\/strong> feincremig<\/p>\n","protected":false},"featured_media":4252,"comment_status":"closed","ping_status":"closed","template":"","meta":[],"product_brand":[],"product_cat":[190,182,17],"product_tag":[62,32,69,177],"class_list":{"0":"post-3701","1":"product","2":"type-product","3":"status-publish","4":"has-post-thumbnail","6":"product_cat-alle-bio-honige","7":"product_cat-feincremiger-bio-honig","8":"product_cat-deutscher-bio-honig","9":"product_tag-aus-deutschland","10":"product_tag-feincremig","11":"product_tag-feines-bluetenduftaroma","12":"product_tag-hellgelb-bis-beige","14":"first","15":"outofstock","16":"taxable","17":"shipping-taxable","18":"purchasable","19":"product-type-variable","20":"has-default-attributes","21":"wvs-archive-product-wrapper"},"yoast_head":"<!-- This site is optimized with the Yoast SEO plugin v27.0 - https:\/\/yoast.com\/product\/yoast-seo-wordpress\/ -->\n<title>Bio Kirschbl\u00fctenhonig aus der Badischen Rheinebene - Bl\u00fctenland Bienenh\u00f6fe<\/title>\n<meta name=\"description\" content=\"Entdecke unseren aromatischen Bio Kirschbl\u00fctenhonig - naturbelassen und besonders wertvoll. 100 % Bioland Qualit\u00e4t aus Deutschland.\" \/>\n<meta name=\"robots\" content=\"index, follow, max-snippet:-1, max-image-preview:large, max-video-preview:-1\" \/>\n<link rel=\"canonical\" href=\"https:\/\/www.bio-honig.de\/cms\/produkt\/bio-kirschbluetenhonig-kaufen-zartcremig-und-hell-mit-feinem-kirschbluetenduft-bluetenland-bienenhoefe\/\" \/>\n<meta property=\"og:locale\" content=\"de_DE\" \/>\n<meta property=\"og:type\" content=\"article\" \/>\n<meta property=\"og:title\" content=\"Bio Kirschbl\u00fctenhonig aus der Badischen Rheinebene - Bl\u00fctenland Bienenh\u00f6fe\" \/>\n<meta property=\"og:description\" content=\"Entdecke unseren aromatischen Bio Kirschbl\u00fctenhonig - naturbelassen und besonders wertvoll. 100 % Bioland Qualit\u00e4t aus Deutschland.\" \/>\n<meta property=\"og:url\" content=\"https:\/\/www.bio-honig.de\/cms\/produkt\/bio-kirschbluetenhonig-kaufen-zartcremig-und-hell-mit-feinem-kirschbluetenduft-bluetenland-bienenhoefe\/\" \/>\n<meta property=\"og:site_name\" content=\"Bl\u00fctenland Bienenh\u00f6fe\" \/>\n<meta property=\"article:modified_time\" content=\"2026-02-23T21:19:14+00:00\" \/>\n<meta property=\"og:image\" content=\"https:\/\/www.bio-honig.de\/cms\/wp-content\/uploads\/2023\/03\/Kirschbluete-500-g-DSC_0029_203-e1678350308976-1.jpg\" \/>\n\t<meta property=\"og:image:width\" content=\"2000\" \/>\n\t<meta property=\"og:image:height\" content=\"2000\" \/>\n\t<meta property=\"og:image:type\" content=\"image\/jpeg\" \/>\n<meta name=\"twitter:card\" content=\"summary_large_image\" \/>\n<meta name=\"twitter:label1\" content=\"Gesch\u00e4tzte Lesezeit\" \/>\n\t<meta name=\"twitter:data1\" content=\"1\u00a0Minute\" \/>\n<script type=\"application\/ld+json\" class=\"yoast-schema-graph\">{\"@context\":\"https:\/\/schema.org\",\"@graph\":[{\"@type\":\"WebPage\",\"@id\":\"https:\/\/www.bio-honig.de\/cms\/produkt\/bio-kirschbluetenhonig-kaufen-zartcremig-und-hell-mit-feinem-kirschbluetenduft-bluetenland-bienenhoefe\/\",\"url\":\"https:\/\/www.bio-honig.de\/cms\/produkt\/bio-kirschbluetenhonig-kaufen-zartcremig-und-hell-mit-feinem-kirschbluetenduft-bluetenland-bienenhoefe\/\",\"name\":\"Bio Kirschbl\u00fctenhonig aus der Badischen Rheinebene - Bl\u00fctenland Bienenh\u00f6fe\",\"isPartOf\":{\"@id\":\"https:\/\/www.bio-honig.de\/cms\/#website\"},\"primaryImageOfPage\":{\"@id\":\"https:\/\/www.bio-honig.de\/cms\/produkt\/bio-kirschbluetenhonig-kaufen-zartcremig-und-hell-mit-feinem-kirschbluetenduft-bluetenland-bienenhoefe\/#primaryimage\"},\"image\":{\"@id\":\"https:\/\/www.bio-honig.de\/cms\/produkt\/bio-kirschbluetenhonig-kaufen-zartcremig-und-hell-mit-feinem-kirschbluetenduft-bluetenland-bienenhoefe\/#primaryimage\"},\"thumbnailUrl\":\"https:\/\/www.bio-honig.de\/cms\/wp-content\/uploads\/2023\/03\/Kirschbluete-500-g-DSC_0029_203-e1678350308976-1.jpg\",\"datePublished\":\"2023-03-07T11:44:47+00:00\",\"dateModified\":\"2026-02-23T21:19:14+00:00\",\"description\":\"Entdecke unseren aromatischen Bio Kirschbl\u00fctenhonig - naturbelassen und besonders wertvoll. 100 % Bioland Qualit\u00e4t aus Deutschland.\",\"breadcrumb\":{\"@id\":\"https:\/\/www.bio-honig.de\/cms\/produkt\/bio-kirschbluetenhonig-kaufen-zartcremig-und-hell-mit-feinem-kirschbluetenduft-bluetenland-bienenhoefe\/#breadcrumb\"},\"inLanguage\":\"de\",\"potentialAction\":[{\"@type\":\"ReadAction\",\"target\":[\"https:\/\/www.bio-honig.de\/cms\/produkt\/bio-kirschbluetenhonig-kaufen-zartcremig-und-hell-mit-feinem-kirschbluetenduft-bluetenland-bienenhoefe\/\"]}]},{\"@type\":\"ImageObject\",\"inLanguage\":\"de\",\"@id\":\"https:\/\/www.bio-honig.de\/cms\/produkt\/bio-kirschbluetenhonig-kaufen-zartcremig-und-hell-mit-feinem-kirschbluetenduft-bluetenland-bienenhoefe\/#primaryimage\",\"url\":\"https:\/\/www.bio-honig.de\/cms\/wp-content\/uploads\/2023\/03\/Kirschbluete-500-g-DSC_0029_203-e1678350308976-1.jpg\",\"contentUrl\":\"https:\/\/www.bio-honig.de\/cms\/wp-content\/uploads\/2023\/03\/Kirschbluete-500-g-DSC_0029_203-e1678350308976-1.jpg\",\"width\":2000,\"height\":2000},{\"@type\":\"BreadcrumbList\",\"@id\":\"https:\/\/www.bio-honig.de\/cms\/produkt\/bio-kirschbluetenhonig-kaufen-zartcremig-und-hell-mit-feinem-kirschbluetenduft-bluetenland-bienenhoefe\/#breadcrumb\",\"itemListElement\":[{\"@type\":\"ListItem\",\"position\":1,\"name\":\"Startseite\",\"item\":\"https:\/\/www.bio-honig.de\/cms\/\"},{\"@type\":\"ListItem\",\"position\":2,\"name\":\"Produkte\",\"item\":\"https:\/\/www.bio-honig.de\/cms\/shop\/\"},{\"@type\":\"ListItem\",\"position\":3,\"name\":\"Kirschbl\u00fctenhonig aus der Badischen Rheinebene\"}]},{\"@type\":\"WebSite\",\"@id\":\"https:\/\/www.bio-honig.de\/cms\/#website\",\"url\":\"https:\/\/www.bio-honig.de\/cms\/\",\"name\":\"Bl\u00fctenland Bienenh\u00f6fe\",\"description\":\"Bio-Honig von Heike Appel\",\"publisher\":{\"@id\":\"https:\/\/www.bio-honig.de\/cms\/#organization\"},\"potentialAction\":[{\"@type\":\"SearchAction\",\"target\":{\"@type\":\"EntryPoint\",\"urlTemplate\":\"https:\/\/www.bio-honig.de\/cms\/?s={search_term_string}\"},\"query-input\":{\"@type\":\"PropertyValueSpecification\",\"valueRequired\":true,\"valueName\":\"search_term_string\"}}],\"inLanguage\":\"de\"},{\"@type\":\"Organization\",\"@id\":\"https:\/\/www.bio-honig.de\/cms\/#organization\",\"name\":\"Bl\u00fctenland Bienenh\u00f6fe - Bioland Imkereiprodukte\",\"url\":\"https:\/\/www.bio-honig.de\/cms\/\",\"logo\":{\"@type\":\"ImageObject\",\"inLanguage\":\"de\",\"@id\":\"https:\/\/www.bio-honig.de\/cms\/#\/schema\/logo\/image\/\",\"url\":\"https:\/\/www.bio-honig.de\/cms\/wp-content\/uploads\/2018\/12\/Bildschirmfoto-2018-12-16-um-17.31.00.png\",\"contentUrl\":\"https:\/\/www.bio-honig.de\/cms\/wp-content\/uploads\/2018\/12\/Bildschirmfoto-2018-12-16-um-17.31.00.png\",\"width\":750,\"height\":206,\"caption\":\"Bl\u00fctenland Bienenh\u00f6fe - Bioland Imkereiprodukte\"},\"image\":{\"@id\":\"https:\/\/www.bio-honig.de\/cms\/#\/schema\/logo\/image\/\"}}]}<\/script>\n<!-- \/ Yoast SEO plugin. -->","yoast_head_json":{"title":"Bio Kirschbl\u00fctenhonig aus der Badischen Rheinebene - Bl\u00fctenland Bienenh\u00f6fe","description":"Entdecke unseren aromatischen Bio Kirschbl\u00fctenhonig - naturbelassen und besonders wertvoll. 100 % Bioland Qualit\u00e4t aus Deutschland.","robots":{"index":"index","follow":"follow","max-snippet":"max-snippet:-1","max-image-preview":"max-image-preview:large","max-video-preview":"max-video-preview:-1"},"canonical":"https:\/\/www.bio-honig.de\/cms\/produkt\/bio-kirschbluetenhonig-kaufen-zartcremig-und-hell-mit-feinem-kirschbluetenduft-bluetenland-bienenhoefe\/","og_locale":"de_DE","og_type":"article","og_title":"Bio Kirschbl\u00fctenhonig aus der Badischen Rheinebene - Bl\u00fctenland Bienenh\u00f6fe","og_description":"Entdecke unseren aromatischen Bio Kirschbl\u00fctenhonig - naturbelassen und besonders wertvoll. 100 % Bioland Qualit\u00e4t aus Deutschland.","og_url":"https:\/\/www.bio-honig.de\/cms\/produkt\/bio-kirschbluetenhonig-kaufen-zartcremig-und-hell-mit-feinem-kirschbluetenduft-bluetenland-bienenhoefe\/","og_site_name":"Bl\u00fctenland Bienenh\u00f6fe","article_modified_time":"2026-02-23T21:19:14+00:00","og_image":[{"width":2000,"height":2000,"url":"https:\/\/www.bio-honig.de\/cms\/wp-content\/uploads\/2023\/03\/Kirschbluete-500-g-DSC_0029_203-e1678350308976-1.jpg","type":"image\/jpeg"}],"twitter_card":"summary_large_image","twitter_misc":{"Gesch\u00e4tzte Lesezeit":"1\u00a0Minute"},"schema":{"@context":"https:\/\/schema.org","@graph":[{"@type":"WebPage","@id":"https:\/\/www.bio-honig.de\/cms\/produkt\/bio-kirschbluetenhonig-kaufen-zartcremig-und-hell-mit-feinem-kirschbluetenduft-bluetenland-bienenhoefe\/","url":"https:\/\/www.bio-honig.de\/cms\/produkt\/bio-kirschbluetenhonig-kaufen-zartcremig-und-hell-mit-feinem-kirschbluetenduft-bluetenland-bienenhoefe\/","name":"Bio Kirschbl\u00fctenhonig aus der Badischen Rheinebene - Bl\u00fctenland Bienenh\u00f6fe","isPartOf":{"@id":"https:\/\/www.bio-honig.de\/cms\/#website"},"primaryImageOfPage":{"@id":"https:\/\/www.bio-honig.de\/cms\/produkt\/bio-kirschbluetenhonig-kaufen-zartcremig-und-hell-mit-feinem-kirschbluetenduft-bluetenland-bienenhoefe\/#primaryimage"},"image":{"@id":"https:\/\/www.bio-honig.de\/cms\/produkt\/bio-kirschbluetenhonig-kaufen-zartcremig-und-hell-mit-feinem-kirschbluetenduft-bluetenland-bienenhoefe\/#primaryimage"},"thumbnailUrl":"https:\/\/www.bio-honig.de\/cms\/wp-content\/uploads\/2023\/03\/Kirschbluete-500-g-DSC_0029_203-e1678350308976-1.jpg","datePublished":"2023-03-07T11:44:47+00:00","dateModified":"2026-02-23T21:19:14+00:00","description":"Entdecke unseren aromatischen Bio Kirschbl\u00fctenhonig - naturbelassen und besonders wertvoll. 100 % Bioland Qualit\u00e4t aus Deutschland.","breadcrumb":{"@id":"https:\/\/www.bio-honig.de\/cms\/produkt\/bio-kirschbluetenhonig-kaufen-zartcremig-und-hell-mit-feinem-kirschbluetenduft-bluetenland-bienenhoefe\/#breadcrumb"},"inLanguage":"de","potentialAction":[{"@type":"ReadAction","target":["https:\/\/www.bio-honig.de\/cms\/produkt\/bio-kirschbluetenhonig-kaufen-zartcremig-und-hell-mit-feinem-kirschbluetenduft-bluetenland-bienenhoefe\/"]}]},{"@type":"ImageObject","inLanguage":"de","@id":"https:\/\/www.bio-honig.de\/cms\/produkt\/bio-kirschbluetenhonig-kaufen-zartcremig-und-hell-mit-feinem-kirschbluetenduft-bluetenland-bienenhoefe\/#primaryimage","url":"https:\/\/www.bio-honig.de\/cms\/wp-content\/uploads\/2023\/03\/Kirschbluete-500-g-DSC_0029_203-e1678350308976-1.jpg","contentUrl":"https:\/\/www.bio-honig.de\/cms\/wp-content\/uploads\/2023\/03\/Kirschbluete-500-g-DSC_0029_203-e1678350308976-1.jpg","width":2000,"height":2000},{"@type":"BreadcrumbList","@id":"https:\/\/www.bio-honig.de\/cms\/produkt\/bio-kirschbluetenhonig-kaufen-zartcremig-und-hell-mit-feinem-kirschbluetenduft-bluetenland-bienenhoefe\/#breadcrumb","itemListElement":[{"@type":"ListItem","position":1,"name":"Startseite","item":"https:\/\/www.bio-honig.de\/cms\/"},{"@type":"ListItem","position":2,"name":"Produkte","item":"https:\/\/www.bio-honig.de\/cms\/shop\/"},{"@type":"ListItem","position":3,"name":"Kirschbl\u00fctenhonig aus der Badischen Rheinebene"}]},{"@type":"WebSite","@id":"https:\/\/www.bio-honig.de\/cms\/#website","url":"https:\/\/www.bio-honig.de\/cms\/","name":"Bl\u00fctenland Bienenh\u00f6fe","description":"Bio-Honig von Heike Appel","publisher":{"@id":"https:\/\/www.bio-honig.de\/cms\/#organization"},"potentialAction":[{"@type":"SearchAction","target":{"@type":"EntryPoint","urlTemplate":"https:\/\/www.bio-honig.de\/cms\/?s={search_term_string}"},"query-input":{"@type":"PropertyValueSpecification","valueRequired":true,"valueName":"search_term_string"}}],"inLanguage":"de"},{"@type":"Organization","@id":"https:\/\/www.bio-honig.de\/cms\/#organization","name":"Bl\u00fctenland Bienenh\u00f6fe - Bioland Imkereiprodukte","url":"https:\/\/www.bio-honig.de\/cms\/","logo":{"@type":"ImageObject","inLanguage":"de","@id":"https:\/\/www.bio-honig.de\/cms\/#\/schema\/logo\/image\/","url":"https:\/\/www.bio-honig.de\/cms\/wp-content\/uploads\/2018\/12\/Bildschirmfoto-2018-12-16-um-17.31.00.png","contentUrl":"https:\/\/www.bio-honig.de\/cms\/wp-content\/uploads\/2018\/12\/Bildschirmfoto-2018-12-16-um-17.31.00.png","width":750,"height":206,"caption":"Bl\u00fctenland Bienenh\u00f6fe - Bioland Imkereiprodukte"},"image":{"@id":"https:\/\/www.bio-honig.de\/cms\/#\/schema\/logo\/image\/"}}]}},"_links":{"self":[{"href":"https:\/\/www.bio-honig.de\/cms\/wp-json\/wp\/v2\/product\/3701","targetHints":{"allow":["GET"]}}],"collection":[{"href":"https:\/\/www.bio-honig.de\/cms\/wp-json\/wp\/v2\/product"}],"about":[{"href":"https:\/\/www.bio-honig.de\/cms\/wp-json\/wp\/v2\/types\/product"}],"replies":[{"embeddable":true,"href":"https:\/\/www.bio-honig.de\/cms\/wp-json\/wp\/v2\/comments?post=3701"}],"wp:featuredmedia":[{"embeddable":true,"href":"https:\/\/www.bio-honig.de\/cms\/wp-json\/wp\/v2\/media\/4252"}],"wp:attachment":[{"href":"https:\/\/www.bio-honig.de\/cms\/wp-json\/wp\/v2\/media?parent=3701"}],"wp:term":[{"taxonomy":"product_brand","embeddable":true,"href":"https:\/\/www.bio-honig.de\/cms\/wp-json\/wp\/v2\/product_brand?post=3701"},{"taxonomy":"product_cat","embeddable":true,"href":"https:\/\/www.bio-honig.de\/cms\/wp-json\/wp\/v2\/product_cat?post=3701"},{"taxonomy":"product_tag","embeddable":true,"href":"https:\/\/www.bio-honig.de\/cms\/wp-json\/wp\/v2\/product_tag?post=3701"}],"curies":[{"name":"wp","href":"https:\/\/api.w.org\/{rel}","templated":true}]}}