{"id":4819,"date":"2023-11-10T16:58:11","date_gmt":"2023-11-10T15:58:11","guid":{"rendered":"https:\/\/www.bio-honig.de\/cms\/?post_type=product&#038;p=4819"},"modified":"2026-04-14T09:40:52","modified_gmt":"2026-04-14T07:40:52","slug":"4er-set-schoene-dicke-bienenwachs-stumpenkerzen-von-klein-bis-gross-fuer-einen-grossen-adventskranz","status":"publish","type":"product","link":"https:\/\/www.bio-honig.de\/cms\/produkt\/4er-set-schoene-dicke-bienenwachs-stumpenkerzen-von-klein-bis-gross-fuer-einen-grossen-adventskranz\/","title":{"rendered":"4er-Set sch\u00f6ne dicke Bienenwachs Stumpenkerzen (65 mm Durchmesser) von klein bis gro\u00df f\u00fcr einen gro\u00dfen Adventskranz"},"content":{"rendered":"<p><strong>In diesem Set sind 4 sehr dicke Stumpenkerzen unterschiedlicher L\u00e4nge f\u00fcr einen wirklich gro\u00dfen Adventskranz.<\/strong><\/p>\n<p>Ein Adventskranz mit sch\u00f6nen, schlichten Bienenwachskerzen ist ein <strong>zauberhafter Blickfang w\u00e4hrend der ganzen Adventszeit<\/strong>. Wir bieten Ihnen 2 verschiedene Sets mit 4 Stumpenkerzen von gleicher Dicke aber unterschiedlicher H\u00f6he an. Die l\u00e4ngste Kerze z\u00fcnden Sie am 1. Advent an. Nach einigen gem\u00fctlichen Stunden bei Kerzenlicht wird sie bis zum 2. Advent ungef\u00e4hr so weit runtergebrannt sein, wie Ihre zweitl\u00e4ngste Kerze, die Sie nun auch anz\u00fcnden. Diese beiden werden vermutlich bis zum 3. Advent auch schon passend zur drittl\u00e4ngsten Kerze sein.\u00a0 Am 4. Advent z\u00fcnden Sie dann alle 4 Kerzen an, die erfahrungsgem\u00e4\u00df bis Weihnachten noch immer nicht ganz, daf\u00fcr aber gleichm\u00e4\u00dfig abgebrannt sind.<\/p>\n<p><strong>4 Bienenwachs Stumpenkerzen<\/strong> (massiv gegossen):<strong><br \/>\n<\/strong><\/p>\n<p><strong>1x ca. 65&#215;150 mm<\/strong> (Dicke x H\u00f6he)<strong>, <\/strong><strong>ca. 470 g: f\u00fcr den 1. Advent<br \/>\n<\/strong><\/p>\n<p><strong>1x ca. 65&#215;130 mm<\/strong> (Dicke x H\u00f6he), <strong>ca. 400 g: f\u00fcr den 2. Advent<\/strong><\/p>\n<p><strong>1x ca. 65&#215;110 mm<\/strong> (Dicke x H\u00f6he), <strong>ca. 320 g: f\u00fcr den 3. Advent<\/strong><\/p>\n<p><strong>1x ca. 65&#215;90 mm<\/strong>\u00a0 (Dicke x H\u00f6he), <strong>ca. 260 g: f\u00fcr den 4. Advent<\/strong><\/p>\n<p>&nbsp;<\/p>\n<p>Die Kerzen werden in Handarbeit aus <strong>100 % reinem Bienenwachs<\/strong> hergestellt. Es ist sehr sch\u00f6nes, gelbes, aromatisch duftendes Bienenwachs. Diese Kerzen brennen sehr lange mit einer sch\u00f6nen, ruhigen Flamme.<\/p>\n<p>&nbsp;<\/p>\n<p>Naturgem\u00e4\u00df sind leichte Abweichungen von den Gr\u00f6\u00dfenangaben m\u00f6glich.<\/p>\n<p>&nbsp;<\/p>\n<p><b>Bienenwachs ist ein wunderbarer Stoff<\/b>, der von den Bienen selbst erzeugt wird &#8211; aus ihren Wachsdr\u00fcsen &#8222;schwitzen&#8220; sie kleine wei\u00dfe Wachspl\u00e4ttchen, mit denen sie ihren Wabenbau errichten.<\/p>\n<p>Erst durch den eingelagerten Honig und Pollen und das Propolis (Kittharz), mit dem die Bienen ihre Waben \u00fcberziehen, bekommt das Wachs seine typische gelbe Farbe. <strong>Das Wachsaroma bestimmen die Bl\u00fcten, die von den Bienen besucht werden.<\/strong><\/p>\n<p>Das Bienenwachs ist nicht bio-zertifiziert. Bioland-Bienenwachs wird in den Bioland-Imkereien f\u00fcr die Erneuerung der Waben ben\u00f6tigt.<\/p>\n","protected":false},"excerpt":{"rendered":"<p>In diesem Set sind 4 sehr dicke Stumpenkerzen unterschiedlicher L\u00e4nge f\u00fcr einen wirklich gro\u00dfen Adventskranz. Ein Adventskranz mit sch\u00f6nen, schlichten Bienenwachskerzen ist ein zauberhafter Blickfang w\u00e4hrend der ganzen Adventszeit. Wir bieten Ihnen 2 verschiedene Sets mit 4 Stumpenkerzen von gleicher Dicke aber unterschiedlicher H\u00f6he an. Die l\u00e4ngste Kerze z\u00fcnden Sie am 1. Advent an. Nach [&hellip;]<\/p>\n","protected":false},"featured_media":4895,"comment_status":"closed","ping_status":"closed","template":"","meta":[],"product_brand":[],"product_cat":[19,184,192],"product_tag":[62,115,116],"class_list":{"0":"post-4819","1":"product","2":"type-product","3":"status-publish","4":"has-post-thumbnail","6":"product_cat-bienenwachs-kerzen","7":"product_cat-geschenke-und-sets","8":"product_cat-handgegossene-bienenwachs-stumpenkerzen","9":"product_tag-aus-deutschland","10":"product_tag-goldgelb","11":"product_tag-duftend","13":"first","14":"outofstock","15":"taxable","16":"shipping-taxable","17":"purchasable","18":"product-type-simple"},"yoast_head":"<!-- This site is optimized with the Yoast SEO plugin v27.3 - https:\/\/yoast.com\/product\/yoast-seo-wordpress\/ -->\n<title>4er-Set sch\u00f6ne dicke Bienenwachs Stumpenkerzen (65 mm Durchmesser) von klein bis gro\u00df f\u00fcr einen gro\u00dfen Adventskranz - Bl\u00fctenland Bienenh\u00f6fe<\/title>\n<meta name=\"robots\" content=\"index, follow, max-snippet:-1, max-image-preview:large, max-video-preview:-1\" \/>\n<link rel=\"canonical\" href=\"https:\/\/www.bio-honig.de\/cms\/produkt\/4er-set-schoene-dicke-bienenwachs-stumpenkerzen-von-klein-bis-gross-fuer-einen-grossen-adventskranz\/\" \/>\n<meta property=\"og:locale\" content=\"de_DE\" \/>\n<meta property=\"og:type\" content=\"article\" \/>\n<meta property=\"og:title\" content=\"4er-Set sch\u00f6ne dicke Bienenwachs Stumpenkerzen (65 mm Durchmesser) von klein bis gro\u00df f\u00fcr einen gro\u00dfen Adventskranz - Bl\u00fctenland Bienenh\u00f6fe\" \/>\n<meta property=\"og:description\" content=\"In diesem Set sind 4 sehr dicke Stumpenkerzen unterschiedlicher L\u00e4nge f\u00fcr einen wirklich gro\u00dfen Adventskranz. Ein Adventskranz mit sch\u00f6nen, schlichten Bienenwachskerzen ist ein zauberhafter Blickfang w\u00e4hrend der ganzen Adventszeit. Wir bieten Ihnen 2 verschiedene Sets mit 4 Stumpenkerzen von gleicher Dicke aber unterschiedlicher H\u00f6he an. Die l\u00e4ngste Kerze z\u00fcnden Sie am 1. Advent an. Nach [&hellip;]\" \/>\n<meta property=\"og:url\" content=\"https:\/\/www.bio-honig.de\/cms\/produkt\/4er-set-schoene-dicke-bienenwachs-stumpenkerzen-von-klein-bis-gross-fuer-einen-grossen-adventskranz\/\" \/>\n<meta property=\"og:site_name\" content=\"Bl\u00fctenland Bienenh\u00f6fe\" \/>\n<meta property=\"article:modified_time\" content=\"2026-04-14T07:40:52+00:00\" \/>\n<meta property=\"og:image\" content=\"https:\/\/www.bio-honig.de\/cms\/wp-content\/uploads\/2023\/11\/65-adventskranz-set.jpg\" \/>\n\t<meta property=\"og:image:width\" content=\"2500\" \/>\n\t<meta property=\"og:image:height\" content=\"2500\" \/>\n\t<meta property=\"og:image:type\" content=\"image\/jpeg\" \/>\n<meta name=\"twitter:card\" content=\"summary_large_image\" \/>\n<meta name=\"twitter:label1\" content=\"Gesch\u00e4tzte Lesezeit\" \/>\n\t<meta name=\"twitter:data1\" content=\"2\u00a0Minuten\" \/>\n<script type=\"application\/ld+json\" class=\"yoast-schema-graph\">{\"@context\":\"https:\\\/\\\/schema.org\",\"@graph\":[{\"@type\":\"WebPage\",\"@id\":\"https:\\\/\\\/www.bio-honig.de\\\/cms\\\/produkt\\\/4er-set-schoene-dicke-bienenwachs-stumpenkerzen-von-klein-bis-gross-fuer-einen-grossen-adventskranz\\\/\",\"url\":\"https:\\\/\\\/www.bio-honig.de\\\/cms\\\/produkt\\\/4er-set-schoene-dicke-bienenwachs-stumpenkerzen-von-klein-bis-gross-fuer-einen-grossen-adventskranz\\\/\",\"name\":\"4er-Set sch\u00f6ne dicke Bienenwachs Stumpenkerzen (65 mm Durchmesser) von klein bis gro\u00df f\u00fcr einen gro\u00dfen Adventskranz - Bl\u00fctenland Bienenh\u00f6fe\",\"isPartOf\":{\"@id\":\"https:\\\/\\\/www.bio-honig.de\\\/cms\\\/#website\"},\"primaryImageOfPage\":{\"@id\":\"https:\\\/\\\/www.bio-honig.de\\\/cms\\\/produkt\\\/4er-set-schoene-dicke-bienenwachs-stumpenkerzen-von-klein-bis-gross-fuer-einen-grossen-adventskranz\\\/#primaryimage\"},\"image\":{\"@id\":\"https:\\\/\\\/www.bio-honig.de\\\/cms\\\/produkt\\\/4er-set-schoene-dicke-bienenwachs-stumpenkerzen-von-klein-bis-gross-fuer-einen-grossen-adventskranz\\\/#primaryimage\"},\"thumbnailUrl\":\"https:\\\/\\\/www.bio-honig.de\\\/cms\\\/wp-content\\\/uploads\\\/2023\\\/11\\\/65-adventskranz-set.jpg\",\"datePublished\":\"2023-11-10T15:58:11+00:00\",\"dateModified\":\"2026-04-14T07:40:52+00:00\",\"breadcrumb\":{\"@id\":\"https:\\\/\\\/www.bio-honig.de\\\/cms\\\/produkt\\\/4er-set-schoene-dicke-bienenwachs-stumpenkerzen-von-klein-bis-gross-fuer-einen-grossen-adventskranz\\\/#breadcrumb\"},\"inLanguage\":\"de\",\"potentialAction\":[{\"@type\":\"ReadAction\",\"target\":[\"https:\\\/\\\/www.bio-honig.de\\\/cms\\\/produkt\\\/4er-set-schoene-dicke-bienenwachs-stumpenkerzen-von-klein-bis-gross-fuer-einen-grossen-adventskranz\\\/\"]}]},{\"@type\":\"ImageObject\",\"inLanguage\":\"de\",\"@id\":\"https:\\\/\\\/www.bio-honig.de\\\/cms\\\/produkt\\\/4er-set-schoene-dicke-bienenwachs-stumpenkerzen-von-klein-bis-gross-fuer-einen-grossen-adventskranz\\\/#primaryimage\",\"url\":\"https:\\\/\\\/www.bio-honig.de\\\/cms\\\/wp-content\\\/uploads\\\/2023\\\/11\\\/65-adventskranz-set.jpg\",\"contentUrl\":\"https:\\\/\\\/www.bio-honig.de\\\/cms\\\/wp-content\\\/uploads\\\/2023\\\/11\\\/65-adventskranz-set.jpg\",\"width\":2500,\"height\":2500,\"caption\":\"4 Bienenwachskerzen gleicher Dicke und unterschiedlicher H\u00f6he\"},{\"@type\":\"BreadcrumbList\",\"@id\":\"https:\\\/\\\/www.bio-honig.de\\\/cms\\\/produkt\\\/4er-set-schoene-dicke-bienenwachs-stumpenkerzen-von-klein-bis-gross-fuer-einen-grossen-adventskranz\\\/#breadcrumb\",\"itemListElement\":[{\"@type\":\"ListItem\",\"position\":1,\"name\":\"Startseite\",\"item\":\"https:\\\/\\\/www.bio-honig.de\\\/cms\\\/\"},{\"@type\":\"ListItem\",\"position\":2,\"name\":\"Produkte\",\"item\":\"https:\\\/\\\/www.bio-honig.de\\\/cms\\\/shop\\\/\"},{\"@type\":\"ListItem\",\"position\":3,\"name\":\"4er-Set sch\u00f6ne dicke Bienenwachs Stumpenkerzen (65 mm Durchmesser) von klein bis gro\u00df f\u00fcr einen gro\u00dfen Adventskranz\"}]},{\"@type\":\"WebSite\",\"@id\":\"https:\\\/\\\/www.bio-honig.de\\\/cms\\\/#website\",\"url\":\"https:\\\/\\\/www.bio-honig.de\\\/cms\\\/\",\"name\":\"Bl\u00fctenland Bienenh\u00f6fe\",\"description\":\"Bio-Honig von Heike Appel\",\"publisher\":{\"@id\":\"https:\\\/\\\/www.bio-honig.de\\\/cms\\\/#organization\"},\"potentialAction\":[{\"@type\":\"SearchAction\",\"target\":{\"@type\":\"EntryPoint\",\"urlTemplate\":\"https:\\\/\\\/www.bio-honig.de\\\/cms\\\/?s={search_term_string}\"},\"query-input\":{\"@type\":\"PropertyValueSpecification\",\"valueRequired\":true,\"valueName\":\"search_term_string\"}}],\"inLanguage\":\"de\"},{\"@type\":\"Organization\",\"@id\":\"https:\\\/\\\/www.bio-honig.de\\\/cms\\\/#organization\",\"name\":\"Bl\u00fctenland Bienenh\u00f6fe - Bioland Imkereiprodukte\",\"url\":\"https:\\\/\\\/www.bio-honig.de\\\/cms\\\/\",\"logo\":{\"@type\":\"ImageObject\",\"inLanguage\":\"de\",\"@id\":\"https:\\\/\\\/www.bio-honig.de\\\/cms\\\/#\\\/schema\\\/logo\\\/image\\\/\",\"url\":\"https:\\\/\\\/www.bio-honig.de\\\/cms\\\/wp-content\\\/uploads\\\/2018\\\/12\\\/Bildschirmfoto-2018-12-16-um-17.31.00.png\",\"contentUrl\":\"https:\\\/\\\/www.bio-honig.de\\\/cms\\\/wp-content\\\/uploads\\\/2018\\\/12\\\/Bildschirmfoto-2018-12-16-um-17.31.00.png\",\"width\":750,\"height\":206,\"caption\":\"Bl\u00fctenland Bienenh\u00f6fe - Bioland Imkereiprodukte\"},\"image\":{\"@id\":\"https:\\\/\\\/www.bio-honig.de\\\/cms\\\/#\\\/schema\\\/logo\\\/image\\\/\"}}]}<\/script>\n<!-- \/ Yoast SEO plugin. -->","yoast_head_json":{"title":"4er-Set sch\u00f6ne dicke Bienenwachs Stumpenkerzen (65 mm Durchmesser) von klein bis gro\u00df f\u00fcr einen gro\u00dfen Adventskranz - Bl\u00fctenland Bienenh\u00f6fe","robots":{"index":"index","follow":"follow","max-snippet":"max-snippet:-1","max-image-preview":"max-image-preview:large","max-video-preview":"max-video-preview:-1"},"canonical":"https:\/\/www.bio-honig.de\/cms\/produkt\/4er-set-schoene-dicke-bienenwachs-stumpenkerzen-von-klein-bis-gross-fuer-einen-grossen-adventskranz\/","og_locale":"de_DE","og_type":"article","og_title":"4er-Set sch\u00f6ne dicke Bienenwachs Stumpenkerzen (65 mm Durchmesser) von klein bis gro\u00df f\u00fcr einen gro\u00dfen Adventskranz - Bl\u00fctenland Bienenh\u00f6fe","og_description":"In diesem Set sind 4 sehr dicke Stumpenkerzen unterschiedlicher L\u00e4nge f\u00fcr einen wirklich gro\u00dfen Adventskranz. Ein Adventskranz mit sch\u00f6nen, schlichten Bienenwachskerzen ist ein zauberhafter Blickfang w\u00e4hrend der ganzen Adventszeit. Wir bieten Ihnen 2 verschiedene Sets mit 4 Stumpenkerzen von gleicher Dicke aber unterschiedlicher H\u00f6he an. Die l\u00e4ngste Kerze z\u00fcnden Sie am 1. Advent an. Nach [&hellip;]","og_url":"https:\/\/www.bio-honig.de\/cms\/produkt\/4er-set-schoene-dicke-bienenwachs-stumpenkerzen-von-klein-bis-gross-fuer-einen-grossen-adventskranz\/","og_site_name":"Bl\u00fctenland Bienenh\u00f6fe","article_modified_time":"2026-04-14T07:40:52+00:00","og_image":[{"width":2500,"height":2500,"url":"https:\/\/www.bio-honig.de\/cms\/wp-content\/uploads\/2023\/11\/65-adventskranz-set.jpg","type":"image\/jpeg"}],"twitter_card":"summary_large_image","twitter_misc":{"Gesch\u00e4tzte Lesezeit":"2\u00a0Minuten"},"schema":{"@context":"https:\/\/schema.org","@graph":[{"@type":"WebPage","@id":"https:\/\/www.bio-honig.de\/cms\/produkt\/4er-set-schoene-dicke-bienenwachs-stumpenkerzen-von-klein-bis-gross-fuer-einen-grossen-adventskranz\/","url":"https:\/\/www.bio-honig.de\/cms\/produkt\/4er-set-schoene-dicke-bienenwachs-stumpenkerzen-von-klein-bis-gross-fuer-einen-grossen-adventskranz\/","name":"4er-Set sch\u00f6ne dicke Bienenwachs Stumpenkerzen (65 mm Durchmesser) von klein bis gro\u00df f\u00fcr einen gro\u00dfen Adventskranz - Bl\u00fctenland Bienenh\u00f6fe","isPartOf":{"@id":"https:\/\/www.bio-honig.de\/cms\/#website"},"primaryImageOfPage":{"@id":"https:\/\/www.bio-honig.de\/cms\/produkt\/4er-set-schoene-dicke-bienenwachs-stumpenkerzen-von-klein-bis-gross-fuer-einen-grossen-adventskranz\/#primaryimage"},"image":{"@id":"https:\/\/www.bio-honig.de\/cms\/produkt\/4er-set-schoene-dicke-bienenwachs-stumpenkerzen-von-klein-bis-gross-fuer-einen-grossen-adventskranz\/#primaryimage"},"thumbnailUrl":"https:\/\/www.bio-honig.de\/cms\/wp-content\/uploads\/2023\/11\/65-adventskranz-set.jpg","datePublished":"2023-11-10T15:58:11+00:00","dateModified":"2026-04-14T07:40:52+00:00","breadcrumb":{"@id":"https:\/\/www.bio-honig.de\/cms\/produkt\/4er-set-schoene-dicke-bienenwachs-stumpenkerzen-von-klein-bis-gross-fuer-einen-grossen-adventskranz\/#breadcrumb"},"inLanguage":"de","potentialAction":[{"@type":"ReadAction","target":["https:\/\/www.bio-honig.de\/cms\/produkt\/4er-set-schoene-dicke-bienenwachs-stumpenkerzen-von-klein-bis-gross-fuer-einen-grossen-adventskranz\/"]}]},{"@type":"ImageObject","inLanguage":"de","@id":"https:\/\/www.bio-honig.de\/cms\/produkt\/4er-set-schoene-dicke-bienenwachs-stumpenkerzen-von-klein-bis-gross-fuer-einen-grossen-adventskranz\/#primaryimage","url":"https:\/\/www.bio-honig.de\/cms\/wp-content\/uploads\/2023\/11\/65-adventskranz-set.jpg","contentUrl":"https:\/\/www.bio-honig.de\/cms\/wp-content\/uploads\/2023\/11\/65-adventskranz-set.jpg","width":2500,"height":2500,"caption":"4 Bienenwachskerzen gleicher Dicke und unterschiedlicher H\u00f6he"},{"@type":"BreadcrumbList","@id":"https:\/\/www.bio-honig.de\/cms\/produkt\/4er-set-schoene-dicke-bienenwachs-stumpenkerzen-von-klein-bis-gross-fuer-einen-grossen-adventskranz\/#breadcrumb","itemListElement":[{"@type":"ListItem","position":1,"name":"Startseite","item":"https:\/\/www.bio-honig.de\/cms\/"},{"@type":"ListItem","position":2,"name":"Produkte","item":"https:\/\/www.bio-honig.de\/cms\/shop\/"},{"@type":"ListItem","position":3,"name":"4er-Set sch\u00f6ne dicke Bienenwachs Stumpenkerzen (65 mm Durchmesser) von klein bis gro\u00df f\u00fcr einen gro\u00dfen Adventskranz"}]},{"@type":"WebSite","@id":"https:\/\/www.bio-honig.de\/cms\/#website","url":"https:\/\/www.bio-honig.de\/cms\/","name":"Bl\u00fctenland Bienenh\u00f6fe","description":"Bio-Honig von Heike Appel","publisher":{"@id":"https:\/\/www.bio-honig.de\/cms\/#organization"},"potentialAction":[{"@type":"SearchAction","target":{"@type":"EntryPoint","urlTemplate":"https:\/\/www.bio-honig.de\/cms\/?s={search_term_string}"},"query-input":{"@type":"PropertyValueSpecification","valueRequired":true,"valueName":"search_term_string"}}],"inLanguage":"de"},{"@type":"Organization","@id":"https:\/\/www.bio-honig.de\/cms\/#organization","name":"Bl\u00fctenland Bienenh\u00f6fe - Bioland Imkereiprodukte","url":"https:\/\/www.bio-honig.de\/cms\/","logo":{"@type":"ImageObject","inLanguage":"de","@id":"https:\/\/www.bio-honig.de\/cms\/#\/schema\/logo\/image\/","url":"https:\/\/www.bio-honig.de\/cms\/wp-content\/uploads\/2018\/12\/Bildschirmfoto-2018-12-16-um-17.31.00.png","contentUrl":"https:\/\/www.bio-honig.de\/cms\/wp-content\/uploads\/2018\/12\/Bildschirmfoto-2018-12-16-um-17.31.00.png","width":750,"height":206,"caption":"Bl\u00fctenland Bienenh\u00f6fe - Bioland Imkereiprodukte"},"image":{"@id":"https:\/\/www.bio-honig.de\/cms\/#\/schema\/logo\/image\/"}}]}},"_links":{"self":[{"href":"https:\/\/www.bio-honig.de\/cms\/wp-json\/wp\/v2\/product\/4819","targetHints":{"allow":["GET"]}}],"collection":[{"href":"https:\/\/www.bio-honig.de\/cms\/wp-json\/wp\/v2\/product"}],"about":[{"href":"https:\/\/www.bio-honig.de\/cms\/wp-json\/wp\/v2\/types\/product"}],"replies":[{"embeddable":true,"href":"https:\/\/www.bio-honig.de\/cms\/wp-json\/wp\/v2\/comments?post=4819"}],"wp:featuredmedia":[{"embeddable":true,"href":"https:\/\/www.bio-honig.de\/cms\/wp-json\/wp\/v2\/media\/4895"}],"wp:attachment":[{"href":"https:\/\/www.bio-honig.de\/cms\/wp-json\/wp\/v2\/media?parent=4819"}],"wp:term":[{"taxonomy":"product_brand","embeddable":true,"href":"https:\/\/www.bio-honig.de\/cms\/wp-json\/wp\/v2\/product_brand?post=4819"},{"taxonomy":"product_cat","embeddable":true,"href":"https:\/\/www.bio-honig.de\/cms\/wp-json\/wp\/v2\/product_cat?post=4819"},{"taxonomy":"product_tag","embeddable":true,"href":"https:\/\/www.bio-honig.de\/cms\/wp-json\/wp\/v2\/product_tag?post=4819"}],"curies":[{"name":"wp","href":"https:\/\/api.w.org\/{rel}","templated":true}]}}