{"id":5142,"date":"2023-12-11T18:41:18","date_gmt":"2023-12-11T17:41:18","guid":{"rendered":"https:\/\/www.bio-honig.de\/cms\/?post_type=product&#038;p=5142"},"modified":"2025-12-13T23:12:58","modified_gmt":"2025-12-13T22:12:58","slug":"weihnachtskarte-mit-persoenlichem-gruss","status":"publish","type":"product","link":"https:\/\/www.bio-honig.de\/cms\/produkt\/weihnachtskarte-mit-persoenlichem-gruss\/","title":{"rendered":"Weihnachtskarte mit deinem pers\u00f6nlichen Gru\u00df &#8211; kostenlos"},"content":{"rendered":"<div>\n<h4>Zum Beispiel so:<\/h4>\n<p>Liebe Sabine,<br \/>\nIch w\u00fcnsche Dir ein wunderbares Weihnachtsfest. Lass es Dir gut gehen und schmecken!<br \/>\nDeine Heike<\/p>\n<\/div>\n<p>&nbsp;<\/p>\n<p><strong>oder so:<\/strong><\/p>\n<p>&nbsp;<\/p>\n<div class=\"example\">\n<p>Liebe Elisabeth,<br \/>\nwie gut, dass wir wissen, dass du Honig liebst, denn so wissen wir auch, wie wir dir eine k\u00f6stliche Freude machen k\u00f6nnen!<br \/>\nLiebe Honiggr\u00fc\u00dfe<br \/>\nSabine und Bernd<\/p>\n<p>&nbsp;<\/p>\n<p>Nat\u00fcrlich kannst Du die Weihnachtskarte auch ohne Text bestellen.<\/p>\n<\/div>\n","protected":false},"excerpt":{"rendered":"<p>M\u00f6chtest du kostbare Bienensch\u00e4tze verschenken? Sch\u00f6ne Idee! Auf Wunsch liefern wir dein Geschenk direkt an den Empf\u00e4nger. Schreib eine nette Gru\u00dfbotschaft dazu. Wir drucken sie aus und legen sie mit dieser Weihnachtskarte in dein Paket.<\/p>\n","protected":false},"featured_media":5162,"comment_status":"closed","ping_status":"closed","template":"","meta":[],"product_brand":[],"product_cat":[175,184],"product_tag":[],"class_list":{"0":"post-5142","1":"product","2":"type-product","3":"status-publish","4":"has-post-thumbnail","6":"product_cat-geschenkgutschein","7":"product_cat-geschenke-und-sets","9":"first","10":"instock","11":"purchasable","12":"product-type-simple"},"yoast_head":"<!-- This site is optimized with the Yoast SEO plugin v27.3 - https:\/\/yoast.com\/product\/yoast-seo-wordpress\/ -->\n<title>Weihnachtskarte mit deinem pers\u00f6nlichen Gru\u00df - kostenlos - Bl\u00fctenland Bienenh\u00f6fe<\/title>\n<meta name=\"robots\" content=\"index, follow, max-snippet:-1, max-image-preview:large, max-video-preview:-1\" \/>\n<link rel=\"canonical\" href=\"https:\/\/www.bio-honig.de\/cms\/produkt\/weihnachtskarte-mit-persoenlichem-gruss\/\" \/>\n<meta property=\"og:locale\" content=\"de_DE\" \/>\n<meta property=\"og:type\" content=\"article\" \/>\n<meta property=\"og:title\" content=\"Weihnachtskarte mit deinem pers\u00f6nlichen Gru\u00df - kostenlos - Bl\u00fctenland Bienenh\u00f6fe\" \/>\n<meta property=\"og:description\" content=\"M\u00f6chtest du kostbare Bienensch\u00e4tze verschenken? Sch\u00f6ne Idee! Auf Wunsch liefern wir dein Geschenk direkt an den Empf\u00e4nger. Schreib eine nette Gru\u00dfbotschaft dazu. Wir drucken sie aus und legen sie mit dieser Weihnachtskarte in dein Paket.\" \/>\n<meta property=\"og:url\" content=\"https:\/\/www.bio-honig.de\/cms\/produkt\/weihnachtskarte-mit-persoenlichem-gruss\/\" \/>\n<meta property=\"og:site_name\" content=\"Bl\u00fctenland Bienenh\u00f6fe\" \/>\n<meta property=\"article:modified_time\" content=\"2025-12-13T22:12:58+00:00\" \/>\n<meta property=\"og:image\" content=\"https:\/\/www.bio-honig.de\/cms\/wp-content\/uploads\/2023\/12\/karte2.jpg\" \/>\n\t<meta property=\"og:image:width\" content=\"1758\" \/>\n\t<meta property=\"og:image:height\" content=\"1757\" \/>\n\t<meta property=\"og:image:type\" content=\"image\/jpeg\" \/>\n<meta name=\"twitter:card\" content=\"summary_large_image\" \/>\n<meta name=\"twitter:label1\" content=\"Gesch\u00e4tzte Lesezeit\" \/>\n\t<meta name=\"twitter:data1\" content=\"1\u00a0Minute\" \/>\n<script type=\"application\/ld+json\" class=\"yoast-schema-graph\">{\"@context\":\"https:\\\/\\\/schema.org\",\"@graph\":[{\"@type\":\"WebPage\",\"@id\":\"https:\\\/\\\/www.bio-honig.de\\\/cms\\\/produkt\\\/weihnachtskarte-mit-persoenlichem-gruss\\\/\",\"url\":\"https:\\\/\\\/www.bio-honig.de\\\/cms\\\/produkt\\\/weihnachtskarte-mit-persoenlichem-gruss\\\/\",\"name\":\"Weihnachtskarte mit deinem pers\u00f6nlichen Gru\u00df - kostenlos - Bl\u00fctenland Bienenh\u00f6fe\",\"isPartOf\":{\"@id\":\"https:\\\/\\\/www.bio-honig.de\\\/cms\\\/#website\"},\"primaryImageOfPage\":{\"@id\":\"https:\\\/\\\/www.bio-honig.de\\\/cms\\\/produkt\\\/weihnachtskarte-mit-persoenlichem-gruss\\\/#primaryimage\"},\"image\":{\"@id\":\"https:\\\/\\\/www.bio-honig.de\\\/cms\\\/produkt\\\/weihnachtskarte-mit-persoenlichem-gruss\\\/#primaryimage\"},\"thumbnailUrl\":\"https:\\\/\\\/www.bio-honig.de\\\/cms\\\/wp-content\\\/uploads\\\/2023\\\/12\\\/karte2.jpg\",\"datePublished\":\"2023-12-11T17:41:18+00:00\",\"dateModified\":\"2025-12-13T22:12:58+00:00\",\"breadcrumb\":{\"@id\":\"https:\\\/\\\/www.bio-honig.de\\\/cms\\\/produkt\\\/weihnachtskarte-mit-persoenlichem-gruss\\\/#breadcrumb\"},\"inLanguage\":\"de\",\"potentialAction\":[{\"@type\":\"ReadAction\",\"target\":[\"https:\\\/\\\/www.bio-honig.de\\\/cms\\\/produkt\\\/weihnachtskarte-mit-persoenlichem-gruss\\\/\"]}]},{\"@type\":\"ImageObject\",\"inLanguage\":\"de\",\"@id\":\"https:\\\/\\\/www.bio-honig.de\\\/cms\\\/produkt\\\/weihnachtskarte-mit-persoenlichem-gruss\\\/#primaryimage\",\"url\":\"https:\\\/\\\/www.bio-honig.de\\\/cms\\\/wp-content\\\/uploads\\\/2023\\\/12\\\/karte2.jpg\",\"contentUrl\":\"https:\\\/\\\/www.bio-honig.de\\\/cms\\\/wp-content\\\/uploads\\\/2023\\\/12\\\/karte2.jpg\",\"width\":1758,\"height\":1757},{\"@type\":\"BreadcrumbList\",\"@id\":\"https:\\\/\\\/www.bio-honig.de\\\/cms\\\/produkt\\\/weihnachtskarte-mit-persoenlichem-gruss\\\/#breadcrumb\",\"itemListElement\":[{\"@type\":\"ListItem\",\"position\":1,\"name\":\"Startseite\",\"item\":\"https:\\\/\\\/www.bio-honig.de\\\/cms\\\/\"},{\"@type\":\"ListItem\",\"position\":2,\"name\":\"Produkte\",\"item\":\"https:\\\/\\\/www.bio-honig.de\\\/cms\\\/shop\\\/\"},{\"@type\":\"ListItem\",\"position\":3,\"name\":\"Weihnachtskarte mit deinem pers\u00f6nlichen Gru\u00df &#8211; kostenlos\"}]},{\"@type\":\"WebSite\",\"@id\":\"https:\\\/\\\/www.bio-honig.de\\\/cms\\\/#website\",\"url\":\"https:\\\/\\\/www.bio-honig.de\\\/cms\\\/\",\"name\":\"Bl\u00fctenland Bienenh\u00f6fe\",\"description\":\"Bio-Honig von Heike Appel\",\"publisher\":{\"@id\":\"https:\\\/\\\/www.bio-honig.de\\\/cms\\\/#organization\"},\"potentialAction\":[{\"@type\":\"SearchAction\",\"target\":{\"@type\":\"EntryPoint\",\"urlTemplate\":\"https:\\\/\\\/www.bio-honig.de\\\/cms\\\/?s={search_term_string}\"},\"query-input\":{\"@type\":\"PropertyValueSpecification\",\"valueRequired\":true,\"valueName\":\"search_term_string\"}}],\"inLanguage\":\"de\"},{\"@type\":\"Organization\",\"@id\":\"https:\\\/\\\/www.bio-honig.de\\\/cms\\\/#organization\",\"name\":\"Bl\u00fctenland Bienenh\u00f6fe - Bioland Imkereiprodukte\",\"url\":\"https:\\\/\\\/www.bio-honig.de\\\/cms\\\/\",\"logo\":{\"@type\":\"ImageObject\",\"inLanguage\":\"de\",\"@id\":\"https:\\\/\\\/www.bio-honig.de\\\/cms\\\/#\\\/schema\\\/logo\\\/image\\\/\",\"url\":\"https:\\\/\\\/www.bio-honig.de\\\/cms\\\/wp-content\\\/uploads\\\/2018\\\/12\\\/Bildschirmfoto-2018-12-16-um-17.31.00.png\",\"contentUrl\":\"https:\\\/\\\/www.bio-honig.de\\\/cms\\\/wp-content\\\/uploads\\\/2018\\\/12\\\/Bildschirmfoto-2018-12-16-um-17.31.00.png\",\"width\":750,\"height\":206,\"caption\":\"Bl\u00fctenland Bienenh\u00f6fe - Bioland Imkereiprodukte\"},\"image\":{\"@id\":\"https:\\\/\\\/www.bio-honig.de\\\/cms\\\/#\\\/schema\\\/logo\\\/image\\\/\"}}]}<\/script>\n<!-- \/ Yoast SEO plugin. -->","yoast_head_json":{"title":"Weihnachtskarte mit deinem pers\u00f6nlichen Gru\u00df - kostenlos - Bl\u00fctenland Bienenh\u00f6fe","robots":{"index":"index","follow":"follow","max-snippet":"max-snippet:-1","max-image-preview":"max-image-preview:large","max-video-preview":"max-video-preview:-1"},"canonical":"https:\/\/www.bio-honig.de\/cms\/produkt\/weihnachtskarte-mit-persoenlichem-gruss\/","og_locale":"de_DE","og_type":"article","og_title":"Weihnachtskarte mit deinem pers\u00f6nlichen Gru\u00df - kostenlos - Bl\u00fctenland Bienenh\u00f6fe","og_description":"M\u00f6chtest du kostbare Bienensch\u00e4tze verschenken? Sch\u00f6ne Idee! Auf Wunsch liefern wir dein Geschenk direkt an den Empf\u00e4nger. Schreib eine nette Gru\u00dfbotschaft dazu. Wir drucken sie aus und legen sie mit dieser Weihnachtskarte in dein Paket.","og_url":"https:\/\/www.bio-honig.de\/cms\/produkt\/weihnachtskarte-mit-persoenlichem-gruss\/","og_site_name":"Bl\u00fctenland Bienenh\u00f6fe","article_modified_time":"2025-12-13T22:12:58+00:00","og_image":[{"width":1758,"height":1757,"url":"https:\/\/www.bio-honig.de\/cms\/wp-content\/uploads\/2023\/12\/karte2.jpg","type":"image\/jpeg"}],"twitter_card":"summary_large_image","twitter_misc":{"Gesch\u00e4tzte Lesezeit":"1\u00a0Minute"},"schema":{"@context":"https:\/\/schema.org","@graph":[{"@type":"WebPage","@id":"https:\/\/www.bio-honig.de\/cms\/produkt\/weihnachtskarte-mit-persoenlichem-gruss\/","url":"https:\/\/www.bio-honig.de\/cms\/produkt\/weihnachtskarte-mit-persoenlichem-gruss\/","name":"Weihnachtskarte mit deinem pers\u00f6nlichen Gru\u00df - kostenlos - Bl\u00fctenland Bienenh\u00f6fe","isPartOf":{"@id":"https:\/\/www.bio-honig.de\/cms\/#website"},"primaryImageOfPage":{"@id":"https:\/\/www.bio-honig.de\/cms\/produkt\/weihnachtskarte-mit-persoenlichem-gruss\/#primaryimage"},"image":{"@id":"https:\/\/www.bio-honig.de\/cms\/produkt\/weihnachtskarte-mit-persoenlichem-gruss\/#primaryimage"},"thumbnailUrl":"https:\/\/www.bio-honig.de\/cms\/wp-content\/uploads\/2023\/12\/karte2.jpg","datePublished":"2023-12-11T17:41:18+00:00","dateModified":"2025-12-13T22:12:58+00:00","breadcrumb":{"@id":"https:\/\/www.bio-honig.de\/cms\/produkt\/weihnachtskarte-mit-persoenlichem-gruss\/#breadcrumb"},"inLanguage":"de","potentialAction":[{"@type":"ReadAction","target":["https:\/\/www.bio-honig.de\/cms\/produkt\/weihnachtskarte-mit-persoenlichem-gruss\/"]}]},{"@type":"ImageObject","inLanguage":"de","@id":"https:\/\/www.bio-honig.de\/cms\/produkt\/weihnachtskarte-mit-persoenlichem-gruss\/#primaryimage","url":"https:\/\/www.bio-honig.de\/cms\/wp-content\/uploads\/2023\/12\/karte2.jpg","contentUrl":"https:\/\/www.bio-honig.de\/cms\/wp-content\/uploads\/2023\/12\/karte2.jpg","width":1758,"height":1757},{"@type":"BreadcrumbList","@id":"https:\/\/www.bio-honig.de\/cms\/produkt\/weihnachtskarte-mit-persoenlichem-gruss\/#breadcrumb","itemListElement":[{"@type":"ListItem","position":1,"name":"Startseite","item":"https:\/\/www.bio-honig.de\/cms\/"},{"@type":"ListItem","position":2,"name":"Produkte","item":"https:\/\/www.bio-honig.de\/cms\/shop\/"},{"@type":"ListItem","position":3,"name":"Weihnachtskarte mit deinem pers\u00f6nlichen Gru\u00df &#8211; kostenlos"}]},{"@type":"WebSite","@id":"https:\/\/www.bio-honig.de\/cms\/#website","url":"https:\/\/www.bio-honig.de\/cms\/","name":"Bl\u00fctenland Bienenh\u00f6fe","description":"Bio-Honig von Heike Appel","publisher":{"@id":"https:\/\/www.bio-honig.de\/cms\/#organization"},"potentialAction":[{"@type":"SearchAction","target":{"@type":"EntryPoint","urlTemplate":"https:\/\/www.bio-honig.de\/cms\/?s={search_term_string}"},"query-input":{"@type":"PropertyValueSpecification","valueRequired":true,"valueName":"search_term_string"}}],"inLanguage":"de"},{"@type":"Organization","@id":"https:\/\/www.bio-honig.de\/cms\/#organization","name":"Bl\u00fctenland Bienenh\u00f6fe - Bioland Imkereiprodukte","url":"https:\/\/www.bio-honig.de\/cms\/","logo":{"@type":"ImageObject","inLanguage":"de","@id":"https:\/\/www.bio-honig.de\/cms\/#\/schema\/logo\/image\/","url":"https:\/\/www.bio-honig.de\/cms\/wp-content\/uploads\/2018\/12\/Bildschirmfoto-2018-12-16-um-17.31.00.png","contentUrl":"https:\/\/www.bio-honig.de\/cms\/wp-content\/uploads\/2018\/12\/Bildschirmfoto-2018-12-16-um-17.31.00.png","width":750,"height":206,"caption":"Bl\u00fctenland Bienenh\u00f6fe - Bioland Imkereiprodukte"},"image":{"@id":"https:\/\/www.bio-honig.de\/cms\/#\/schema\/logo\/image\/"}}]}},"_links":{"self":[{"href":"https:\/\/www.bio-honig.de\/cms\/wp-json\/wp\/v2\/product\/5142","targetHints":{"allow":["GET"]}}],"collection":[{"href":"https:\/\/www.bio-honig.de\/cms\/wp-json\/wp\/v2\/product"}],"about":[{"href":"https:\/\/www.bio-honig.de\/cms\/wp-json\/wp\/v2\/types\/product"}],"replies":[{"embeddable":true,"href":"https:\/\/www.bio-honig.de\/cms\/wp-json\/wp\/v2\/comments?post=5142"}],"wp:featuredmedia":[{"embeddable":true,"href":"https:\/\/www.bio-honig.de\/cms\/wp-json\/wp\/v2\/media\/5162"}],"wp:attachment":[{"href":"https:\/\/www.bio-honig.de\/cms\/wp-json\/wp\/v2\/media?parent=5142"}],"wp:term":[{"taxonomy":"product_brand","embeddable":true,"href":"https:\/\/www.bio-honig.de\/cms\/wp-json\/wp\/v2\/product_brand?post=5142"},{"taxonomy":"product_cat","embeddable":true,"href":"https:\/\/www.bio-honig.de\/cms\/wp-json\/wp\/v2\/product_cat?post=5142"},{"taxonomy":"product_tag","embeddable":true,"href":"https:\/\/www.bio-honig.de\/cms\/wp-json\/wp\/v2\/product_tag?post=5142"}],"curies":[{"name":"wp","href":"https:\/\/api.w.org\/{rel}","templated":true}]}}