{"id":5909,"date":"2024-04-24T12:55:53","date_gmt":"2024-04-24T10:55:53","guid":{"rendered":"https:\/\/www.bio-honig.de\/cms\/?post_type=product&#038;p=5909"},"modified":"2026-03-20T10:57:25","modified_gmt":"2026-03-20T09:57:25","slug":"grosses-set-wuerzige-honigsorten-6x500-g","status":"publish","type":"product","link":"https:\/\/www.bio-honig.de\/cms\/produkt\/grosses-set-wuerzige-honigsorten-6x500-g\/","title":{"rendered":"Grosses Set &#8222;W\u00fcrzige Honigsorten&#8220; 6 x Honig"},"content":{"rendered":"<p><strong>Dieses Set enth\u00e4lt<\/strong> <strong>6 verschiedene Honigsorten f\u00fcr Honigkenner, die w\u00fcrzige Honigsorten lieben!<br \/>\n<\/strong><\/p>\n<p><strong>Zum Verschenken auf Wunsch in einer sch\u00f6nen, stabilen Holz-Geschenkkiste oder in einer originellen edlen Premium-Holzkiste (nur f\u00fcr 500 g)<\/strong><\/p>\n<p><strong>Zur Auswahl in 6 x 500 g oder 6 x 250 g Gl\u00e4sern:<\/strong><\/p>\n<ul>\n<li><strong>Edelkastanienhonig<\/strong>\n<ul>\n<li>aus dem Pf\u00e4lzer Wald. Herb-w\u00fcrzig mit edler Bitternote, kastanienbraun, fl\u00fcssig<\/li>\n<\/ul>\n<\/li>\n<li><strong>Heidehonig<\/strong>\n<ul>\n<li>aus der Colbitz-Letzlinger Heide. W\u00fcrzig-herb, rubin-bernsteinfarben, cremig<\/li>\n<\/ul>\n<\/li>\n<li><strong>Buchweizenhonig<\/strong>\n<ul>\n<li>aus der Lausitz. Markant w\u00fcrzig-aromatisch, braun, cremig<\/li>\n<\/ul>\n<\/li>\n<li><strong>Weisstannenhonig<\/strong>\n<ul>\n<li>aus dem Schwarzwald, w\u00fcrzig, dunkelbraun, fl\u00fcssig<\/li>\n<\/ul>\n<\/li>\n<li><strong>Waldhonig<\/strong>\n<ul>\n<li>aus dem Schw\u00e4bischen Wald, fein-w\u00fcrzig, braun, fl\u00fcssig<\/li>\n<\/ul>\n<\/li>\n<li><strong>Waldbl\u00fctenhonig<\/strong>\n<ul>\n<li>aus dem Sauerland. Fein-w\u00fcrzig, karamellbraun, cremig<\/li>\n<\/ul>\n<\/li>\n<\/ul>\n","protected":false},"excerpt":{"rendered":"<p><strong>Ernteregionen:<\/strong> Pf\u00e4lzer Wald, Colbitz-Letzlinger Heide, Lausitz, Schw\u00e4bischer Wald, Schwarzwald, Sauerland<\/p>\n<p><strong>Aromen:<\/strong> herb-w\u00fcrzig mit edler Bitternote, w\u00fcrzig-herb, markant w\u00fcrzig-aromatisch, fein-w\u00fcrzig, w\u00fcrzig<\/p>\n<p><strong>Farbe:<\/strong> kastanienbraun, rubin-bernsteinfarben, braun, karamellbraun, dunkelbraun<\/p>\n<p><strong>Konsistenz:<\/strong> 3 x cremig, 3 x fl\u00fcssig<\/p>\n","protected":false},"featured_media":10505,"comment_status":"closed","ping_status":"closed","template":"","meta":[],"product_brand":[],"product_cat":[17,181,182,183,184],"product_tag":[96,28,101,34,37,62,75,76,77,81,82],"class_list":{"0":"post-5909","1":"product","2":"type-product","3":"status-publish","4":"has-post-thumbnail","6":"product_cat-deutscher-bio-honig","7":"product_cat-fluessiger-bioland-honig-aus-deutschland","8":"product_cat-feincremiger-bio-honig","9":"product_cat-wuerziger-bio-honig","10":"product_cat-geschenke-und-sets","11":"product_tag-wuerzig-markant","12":"product_tag-mild","13":"product_tag-edelwuerzig","14":"product_tag-hellgelb","15":"product_tag-fluessig","16":"product_tag-aus-deutschland","17":"product_tag-wuerzig-aromatisch","18":"product_tag-karamellbraun","19":"product_tag-cremig","20":"product_tag-kastanienbraun","21":"product_tag-herb-wuerzig","23":"first","24":"instock","25":"taxable","26":"shipping-taxable","27":"purchasable","28":"product-type-variable","29":"has-default-attributes","30":"wvs-archive-product-wrapper"},"yoast_head":"<!-- This site is optimized with the Yoast SEO plugin v27.3 - https:\/\/yoast.com\/product\/yoast-seo-wordpress\/ -->\n<title>Grosses Set &quot;W\u00fcrzige Honigsorten&quot; 6 x Honig - Bl\u00fctenland Bienenh\u00f6fe<\/title>\n<meta name=\"robots\" content=\"index, follow, max-snippet:-1, max-image-preview:large, max-video-preview:-1\" \/>\n<link rel=\"canonical\" href=\"https:\/\/www.bio-honig.de\/cms\/produkt\/grosses-set-wuerzige-honigsorten-6x500-g\/\" \/>\n<meta property=\"og:locale\" content=\"de_DE\" \/>\n<meta property=\"og:type\" content=\"article\" \/>\n<meta property=\"og:title\" content=\"Grosses Set &quot;W\u00fcrzige Honigsorten&quot; 6 x Honig - Bl\u00fctenland Bienenh\u00f6fe\" \/>\n<meta property=\"og:description\" content=\"Ernteregionen: Pf\u00e4lzer Wald, Colbitz-Letzlinger Heide, Lausitz, Schw\u00e4bischer Wald, Schwarzwald, Sauerland  Aromen: herb-w\u00fcrzig mit edler Bitternote, w\u00fcrzig-herb, markant w\u00fcrzig-aromatisch, fein-w\u00fcrzig, w\u00fcrzig  Farbe: kastanienbraun, rubin-bernsteinfarben, braun, karamellbraun, dunkelbraun  Konsistenz: 3 x cremig, 3 x fl\u00fcssig\" \/>\n<meta property=\"og:url\" content=\"https:\/\/www.bio-honig.de\/cms\/produkt\/grosses-set-wuerzige-honigsorten-6x500-g\/\" \/>\n<meta property=\"og:site_name\" content=\"Bl\u00fctenland Bienenh\u00f6fe\" \/>\n<meta property=\"article:modified_time\" content=\"2026-03-20T09:57:25+00:00\" \/>\n<meta property=\"og:image\" content=\"https:\/\/www.bio-honig.de\/cms\/wp-content\/uploads\/2025\/11\/wald-himbeer-wei_C3_9Ftanne.jpg\" \/>\n\t<meta property=\"og:image:width\" content=\"2500\" \/>\n\t<meta property=\"og:image:height\" content=\"2500\" \/>\n\t<meta property=\"og:image:type\" content=\"image\/jpeg\" \/>\n<meta name=\"twitter:card\" content=\"summary_large_image\" \/>\n<meta name=\"twitter:label1\" content=\"Gesch\u00e4tzte Lesezeit\" \/>\n\t<meta name=\"twitter:data1\" content=\"1\u00a0Minute\" \/>\n<script type=\"application\/ld+json\" class=\"yoast-schema-graph\">{\"@context\":\"https:\\\/\\\/schema.org\",\"@graph\":[{\"@type\":\"WebPage\",\"@id\":\"https:\\\/\\\/www.bio-honig.de\\\/cms\\\/produkt\\\/grosses-set-wuerzige-honigsorten-6x500-g\\\/\",\"url\":\"https:\\\/\\\/www.bio-honig.de\\\/cms\\\/produkt\\\/grosses-set-wuerzige-honigsorten-6x500-g\\\/\",\"name\":\"Grosses Set \\\"W\u00fcrzige Honigsorten\\\" 6 x Honig - Bl\u00fctenland Bienenh\u00f6fe\",\"isPartOf\":{\"@id\":\"https:\\\/\\\/www.bio-honig.de\\\/cms\\\/#website\"},\"primaryImageOfPage\":{\"@id\":\"https:\\\/\\\/www.bio-honig.de\\\/cms\\\/produkt\\\/grosses-set-wuerzige-honigsorten-6x500-g\\\/#primaryimage\"},\"image\":{\"@id\":\"https:\\\/\\\/www.bio-honig.de\\\/cms\\\/produkt\\\/grosses-set-wuerzige-honigsorten-6x500-g\\\/#primaryimage\"},\"thumbnailUrl\":\"https:\\\/\\\/www.bio-honig.de\\\/cms\\\/wp-content\\\/uploads\\\/2025\\\/11\\\/wald-himbeer-wei_C3_9Ftanne.jpg\",\"datePublished\":\"2024-04-24T10:55:53+00:00\",\"dateModified\":\"2026-03-20T09:57:25+00:00\",\"breadcrumb\":{\"@id\":\"https:\\\/\\\/www.bio-honig.de\\\/cms\\\/produkt\\\/grosses-set-wuerzige-honigsorten-6x500-g\\\/#breadcrumb\"},\"inLanguage\":\"de\",\"potentialAction\":[{\"@type\":\"ReadAction\",\"target\":[\"https:\\\/\\\/www.bio-honig.de\\\/cms\\\/produkt\\\/grosses-set-wuerzige-honigsorten-6x500-g\\\/\"]}]},{\"@type\":\"ImageObject\",\"inLanguage\":\"de\",\"@id\":\"https:\\\/\\\/www.bio-honig.de\\\/cms\\\/produkt\\\/grosses-set-wuerzige-honigsorten-6x500-g\\\/#primaryimage\",\"url\":\"https:\\\/\\\/www.bio-honig.de\\\/cms\\\/wp-content\\\/uploads\\\/2025\\\/11\\\/wald-himbeer-wei_C3_9Ftanne.jpg\",\"contentUrl\":\"https:\\\/\\\/www.bio-honig.de\\\/cms\\\/wp-content\\\/uploads\\\/2025\\\/11\\\/wald-himbeer-wei_C3_9Ftanne.jpg\",\"width\":2500,\"height\":2500},{\"@type\":\"BreadcrumbList\",\"@id\":\"https:\\\/\\\/www.bio-honig.de\\\/cms\\\/produkt\\\/grosses-set-wuerzige-honigsorten-6x500-g\\\/#breadcrumb\",\"itemListElement\":[{\"@type\":\"ListItem\",\"position\":1,\"name\":\"Startseite\",\"item\":\"https:\\\/\\\/www.bio-honig.de\\\/cms\\\/\"},{\"@type\":\"ListItem\",\"position\":2,\"name\":\"Produkte\",\"item\":\"https:\\\/\\\/www.bio-honig.de\\\/cms\\\/shop\\\/\"},{\"@type\":\"ListItem\",\"position\":3,\"name\":\"Grosses Set &#8222;W\u00fcrzige Honigsorten&#8220; 6 x Honig\"}]},{\"@type\":\"WebSite\",\"@id\":\"https:\\\/\\\/www.bio-honig.de\\\/cms\\\/#website\",\"url\":\"https:\\\/\\\/www.bio-honig.de\\\/cms\\\/\",\"name\":\"Bl\u00fctenland Bienenh\u00f6fe\",\"description\":\"Bio-Honig von Heike Appel\",\"publisher\":{\"@id\":\"https:\\\/\\\/www.bio-honig.de\\\/cms\\\/#organization\"},\"potentialAction\":[{\"@type\":\"SearchAction\",\"target\":{\"@type\":\"EntryPoint\",\"urlTemplate\":\"https:\\\/\\\/www.bio-honig.de\\\/cms\\\/?s={search_term_string}\"},\"query-input\":{\"@type\":\"PropertyValueSpecification\",\"valueRequired\":true,\"valueName\":\"search_term_string\"}}],\"inLanguage\":\"de\"},{\"@type\":\"Organization\",\"@id\":\"https:\\\/\\\/www.bio-honig.de\\\/cms\\\/#organization\",\"name\":\"Bl\u00fctenland Bienenh\u00f6fe - Bioland Imkereiprodukte\",\"url\":\"https:\\\/\\\/www.bio-honig.de\\\/cms\\\/\",\"logo\":{\"@type\":\"ImageObject\",\"inLanguage\":\"de\",\"@id\":\"https:\\\/\\\/www.bio-honig.de\\\/cms\\\/#\\\/schema\\\/logo\\\/image\\\/\",\"url\":\"https:\\\/\\\/www.bio-honig.de\\\/cms\\\/wp-content\\\/uploads\\\/2018\\\/12\\\/Bildschirmfoto-2018-12-16-um-17.31.00.png\",\"contentUrl\":\"https:\\\/\\\/www.bio-honig.de\\\/cms\\\/wp-content\\\/uploads\\\/2018\\\/12\\\/Bildschirmfoto-2018-12-16-um-17.31.00.png\",\"width\":750,\"height\":206,\"caption\":\"Bl\u00fctenland Bienenh\u00f6fe - Bioland Imkereiprodukte\"},\"image\":{\"@id\":\"https:\\\/\\\/www.bio-honig.de\\\/cms\\\/#\\\/schema\\\/logo\\\/image\\\/\"}}]}<\/script>\n<!-- \/ Yoast SEO plugin. -->","yoast_head_json":{"title":"Grosses Set \"W\u00fcrzige Honigsorten\" 6 x Honig - Bl\u00fctenland Bienenh\u00f6fe","robots":{"index":"index","follow":"follow","max-snippet":"max-snippet:-1","max-image-preview":"max-image-preview:large","max-video-preview":"max-video-preview:-1"},"canonical":"https:\/\/www.bio-honig.de\/cms\/produkt\/grosses-set-wuerzige-honigsorten-6x500-g\/","og_locale":"de_DE","og_type":"article","og_title":"Grosses Set \"W\u00fcrzige Honigsorten\" 6 x Honig - Bl\u00fctenland Bienenh\u00f6fe","og_description":"Ernteregionen: Pf\u00e4lzer Wald, Colbitz-Letzlinger Heide, Lausitz, Schw\u00e4bischer Wald, Schwarzwald, Sauerland  Aromen: herb-w\u00fcrzig mit edler Bitternote, w\u00fcrzig-herb, markant w\u00fcrzig-aromatisch, fein-w\u00fcrzig, w\u00fcrzig  Farbe: kastanienbraun, rubin-bernsteinfarben, braun, karamellbraun, dunkelbraun  Konsistenz: 3 x cremig, 3 x fl\u00fcssig","og_url":"https:\/\/www.bio-honig.de\/cms\/produkt\/grosses-set-wuerzige-honigsorten-6x500-g\/","og_site_name":"Bl\u00fctenland Bienenh\u00f6fe","article_modified_time":"2026-03-20T09:57:25+00:00","og_image":[{"width":2500,"height":2500,"url":"https:\/\/www.bio-honig.de\/cms\/wp-content\/uploads\/2025\/11\/wald-himbeer-wei_C3_9Ftanne.jpg","type":"image\/jpeg"}],"twitter_card":"summary_large_image","twitter_misc":{"Gesch\u00e4tzte Lesezeit":"1\u00a0Minute"},"schema":{"@context":"https:\/\/schema.org","@graph":[{"@type":"WebPage","@id":"https:\/\/www.bio-honig.de\/cms\/produkt\/grosses-set-wuerzige-honigsorten-6x500-g\/","url":"https:\/\/www.bio-honig.de\/cms\/produkt\/grosses-set-wuerzige-honigsorten-6x500-g\/","name":"Grosses Set \"W\u00fcrzige Honigsorten\" 6 x Honig - Bl\u00fctenland Bienenh\u00f6fe","isPartOf":{"@id":"https:\/\/www.bio-honig.de\/cms\/#website"},"primaryImageOfPage":{"@id":"https:\/\/www.bio-honig.de\/cms\/produkt\/grosses-set-wuerzige-honigsorten-6x500-g\/#primaryimage"},"image":{"@id":"https:\/\/www.bio-honig.de\/cms\/produkt\/grosses-set-wuerzige-honigsorten-6x500-g\/#primaryimage"},"thumbnailUrl":"https:\/\/www.bio-honig.de\/cms\/wp-content\/uploads\/2025\/11\/wald-himbeer-wei_C3_9Ftanne.jpg","datePublished":"2024-04-24T10:55:53+00:00","dateModified":"2026-03-20T09:57:25+00:00","breadcrumb":{"@id":"https:\/\/www.bio-honig.de\/cms\/produkt\/grosses-set-wuerzige-honigsorten-6x500-g\/#breadcrumb"},"inLanguage":"de","potentialAction":[{"@type":"ReadAction","target":["https:\/\/www.bio-honig.de\/cms\/produkt\/grosses-set-wuerzige-honigsorten-6x500-g\/"]}]},{"@type":"ImageObject","inLanguage":"de","@id":"https:\/\/www.bio-honig.de\/cms\/produkt\/grosses-set-wuerzige-honigsorten-6x500-g\/#primaryimage","url":"https:\/\/www.bio-honig.de\/cms\/wp-content\/uploads\/2025\/11\/wald-himbeer-wei_C3_9Ftanne.jpg","contentUrl":"https:\/\/www.bio-honig.de\/cms\/wp-content\/uploads\/2025\/11\/wald-himbeer-wei_C3_9Ftanne.jpg","width":2500,"height":2500},{"@type":"BreadcrumbList","@id":"https:\/\/www.bio-honig.de\/cms\/produkt\/grosses-set-wuerzige-honigsorten-6x500-g\/#breadcrumb","itemListElement":[{"@type":"ListItem","position":1,"name":"Startseite","item":"https:\/\/www.bio-honig.de\/cms\/"},{"@type":"ListItem","position":2,"name":"Produkte","item":"https:\/\/www.bio-honig.de\/cms\/shop\/"},{"@type":"ListItem","position":3,"name":"Grosses Set &#8222;W\u00fcrzige Honigsorten&#8220; 6 x Honig"}]},{"@type":"WebSite","@id":"https:\/\/www.bio-honig.de\/cms\/#website","url":"https:\/\/www.bio-honig.de\/cms\/","name":"Bl\u00fctenland Bienenh\u00f6fe","description":"Bio-Honig von Heike Appel","publisher":{"@id":"https:\/\/www.bio-honig.de\/cms\/#organization"},"potentialAction":[{"@type":"SearchAction","target":{"@type":"EntryPoint","urlTemplate":"https:\/\/www.bio-honig.de\/cms\/?s={search_term_string}"},"query-input":{"@type":"PropertyValueSpecification","valueRequired":true,"valueName":"search_term_string"}}],"inLanguage":"de"},{"@type":"Organization","@id":"https:\/\/www.bio-honig.de\/cms\/#organization","name":"Bl\u00fctenland Bienenh\u00f6fe - Bioland Imkereiprodukte","url":"https:\/\/www.bio-honig.de\/cms\/","logo":{"@type":"ImageObject","inLanguage":"de","@id":"https:\/\/www.bio-honig.de\/cms\/#\/schema\/logo\/image\/","url":"https:\/\/www.bio-honig.de\/cms\/wp-content\/uploads\/2018\/12\/Bildschirmfoto-2018-12-16-um-17.31.00.png","contentUrl":"https:\/\/www.bio-honig.de\/cms\/wp-content\/uploads\/2018\/12\/Bildschirmfoto-2018-12-16-um-17.31.00.png","width":750,"height":206,"caption":"Bl\u00fctenland Bienenh\u00f6fe - Bioland Imkereiprodukte"},"image":{"@id":"https:\/\/www.bio-honig.de\/cms\/#\/schema\/logo\/image\/"}}]}},"_links":{"self":[{"href":"https:\/\/www.bio-honig.de\/cms\/wp-json\/wp\/v2\/product\/5909","targetHints":{"allow":["GET"]}}],"collection":[{"href":"https:\/\/www.bio-honig.de\/cms\/wp-json\/wp\/v2\/product"}],"about":[{"href":"https:\/\/www.bio-honig.de\/cms\/wp-json\/wp\/v2\/types\/product"}],"replies":[{"embeddable":true,"href":"https:\/\/www.bio-honig.de\/cms\/wp-json\/wp\/v2\/comments?post=5909"}],"wp:featuredmedia":[{"embeddable":true,"href":"https:\/\/www.bio-honig.de\/cms\/wp-json\/wp\/v2\/media\/10505"}],"wp:attachment":[{"href":"https:\/\/www.bio-honig.de\/cms\/wp-json\/wp\/v2\/media?parent=5909"}],"wp:term":[{"taxonomy":"product_brand","embeddable":true,"href":"https:\/\/www.bio-honig.de\/cms\/wp-json\/wp\/v2\/product_brand?post=5909"},{"taxonomy":"product_cat","embeddable":true,"href":"https:\/\/www.bio-honig.de\/cms\/wp-json\/wp\/v2\/product_cat?post=5909"},{"taxonomy":"product_tag","embeddable":true,"href":"https:\/\/www.bio-honig.de\/cms\/wp-json\/wp\/v2\/product_tag?post=5909"}],"curies":[{"name":"wp","href":"https:\/\/api.w.org\/{rel}","templated":true}]}}